CRAN Package Check Results for Package rugarch

Last updated on 2021-10-24 00:51:11 CEST.

Flavor Version Tinstall Tcheck Ttotal Status Flags
r-devel-linux-x86_64-debian-clang 1.4-4 94.11 340.07 434.18 OK
r-devel-linux-x86_64-debian-gcc 1.4-4 78.15 247.53 325.68 OK
r-devel-linux-x86_64-fedora-clang 1.4-4 550.70 NOTE
r-devel-linux-x86_64-fedora-gcc 1.4-4 533.31 OK
r-devel-windows-x86_64 1.4-4 146.00 271.00 417.00 NOTE
r-devel-windows-x86_64-gcc10-UCRT 1.4-4 OK
r-patched-linux-x86_64 1.4-4 98.73 326.95 425.68 OK
r-patched-solaris-x86 1.4-4 570.50 NOTE
r-release-linux-x86_64 1.4-4 94.46 325.46 419.92 OK
r-release-macos-arm64 1.4-4 NOTE
r-release-macos-x86_64 1.4-4 NOTE
r-release-windows-ix86+x86_64 1.4-4 124.00 408.00 532.00 NOTE
r-oldrel-macos-x86_64 1.4-4 NOTE
r-oldrel-windows-ix86+x86_64 1.4-4 182.00 399.00 581.00 NOTE

Check Details

Version: 1.4-4
Check: installed package size
Result: NOTE
     installed size is 7.4Mb
     sub-directories of 1Mb or more:
     R 3.0Mb
     libs 2.1Mb
Flavors: r-devel-linux-x86_64-fedora-clang, r-devel-windows-x86_64, r-patched-solaris-x86, r-release-macos-arm64, r-release-macos-x86_64, r-release-windows-ix86+x86_64, r-oldrel-macos-x86_64, r-oldrel-windows-ix86+x86_64