CRAN Package Check Results for Package runstats

Last updated on 2023-09-26 01:06:33 CEST.

Flavor Version Tinstall Tcheck Ttotal Status Flags
r-devel-linux-x86_64-debian-clang 1.1.0 3.12 35.22 38.34 NOTE
r-devel-linux-x86_64-debian-gcc 1.1.0 2.31 27.86 30.17 NOTE
r-devel-linux-x86_64-fedora-clang 1.1.0 47.64 NOTE
r-devel-linux-x86_64-fedora-gcc 1.1.0 58.78 NOTE
r-devel-windows-x86_64 1.1.0 4.00 49.00 53.00 NOTE
r-patched-linux-x86_64 1.1.0 3.03 34.57 37.60 NOTE
r-release-linux-x86_64 1.1.0 3.31 34.76 38.07 NOTE
r-release-macos-arm64 1.1.0 29.00 NOTE
r-release-macos-x86_64 1.1.0 36.00 NOTE
r-release-windows-x86_64 1.1.0 5.00 53.00 58.00 NOTE
r-oldrel-macos-arm64 1.1.0 25.00 NOTE
r-oldrel-macos-x86_64 1.1.0 36.00 NOTE
r-oldrel-windows-x86_64 1.1.0 6.00 53.00 59.00 NOTE

Check Details

Version: 1.1.0
Check: LazyData
Result: NOTE
     'LazyData' is specified without a 'data' directory
Flavors: r-devel-linux-x86_64-debian-clang, r-devel-linux-x86_64-debian-gcc, r-devel-linux-x86_64-fedora-clang, r-devel-linux-x86_64-fedora-gcc, r-devel-windows-x86_64, r-patched-linux-x86_64, r-release-linux-x86_64, r-release-macos-arm64, r-release-macos-x86_64, r-release-windows-x86_64, r-oldrel-macos-arm64, r-oldrel-macos-x86_64, r-oldrel-windows-x86_64

Version: 1.1.0
Check: installed package size
Result: NOTE
     installed size is 5.3Mb
     sub-directories of 1Mb or more:
     doc 4.7Mb
Flavors: r-devel-linux-x86_64-fedora-clang, r-devel-windows-x86_64, r-release-macos-arm64, r-release-macos-x86_64, r-release-windows-x86_64, r-oldrel-macos-arm64, r-oldrel-macos-x86_64, r-oldrel-windows-x86_64