Last updated on 2023-10-04 00:58:36 CEST.
Flavor | Version | Tinstall | Tcheck | Ttotal | Status | Flags |
---|---|---|---|---|---|---|
r-devel-linux-x86_64-debian-clang | 1.0.4 | 1.95 | 21.96 | 23.91 | NOTE | |
r-devel-linux-x86_64-debian-gcc | 1.0.4 | 1.65 | 17.21 | 18.86 | NOTE | |
r-devel-linux-x86_64-fedora-clang | 1.0.4 | 29.89 | NOTE | |||
r-devel-linux-x86_64-fedora-gcc | 1.0.4 | 29.38 | NOTE | |||
r-devel-windows-x86_64 | 1.0.4 | 3.00 | 42.00 | 45.00 | NOTE | |
r-patched-linux-x86_64 | 1.0.4 | 2.05 | 21.78 | 23.83 | NOTE | |
r-release-linux-x86_64 | 1.0.4 | 1.85 | 21.73 | 23.58 | NOTE | |
r-release-macos-arm64 | 1.0.4 | 17.00 | NOTE | |||
r-release-macos-x86_64 | 1.0.4 | 20.00 | NOTE | |||
r-release-windows-x86_64 | 1.0.4 | 4.00 | 35.00 | 39.00 | NOTE | |
r-oldrel-macos-arm64 | 1.0.4 | 16.00 | NOTE | |||
r-oldrel-macos-x86_64 | 1.0.4 | 24.00 | NOTE | |||
r-oldrel-windows-x86_64 | 1.0.4 | 5.00 | 46.00 | 51.00 | NOTE |
Version: 1.0.4
Check: LazyData
Result: NOTE
'LazyData' is specified without a 'data' directory
Flavors: r-devel-linux-x86_64-debian-clang, r-devel-linux-x86_64-debian-gcc, r-devel-linux-x86_64-fedora-clang, r-devel-linux-x86_64-fedora-gcc, r-devel-windows-x86_64, r-patched-linux-x86_64, r-release-linux-x86_64, r-release-macos-arm64, r-release-macos-x86_64, r-release-windows-x86_64, r-oldrel-macos-arm64, r-oldrel-macos-x86_64, r-oldrel-windows-x86_64