CRAN Package Check Results for Package rutifier

Last updated on 2024-06-20 00:59:44 CEST.

Flavor Version Tinstall Tcheck Ttotal Status Flags
r-devel-linux-x86_64-debian-clang 1.0.4 2.14 22.56 24.70 NOTE
r-devel-linux-x86_64-debian-gcc 1.0.4 1.66 17.60 19.26 NOTE
r-devel-linux-x86_64-fedora-clang 1.0.4 30.82 NOTE
r-devel-linux-x86_64-fedora-gcc 1.0.4 29.81 NOTE
r-devel-windows-x86_64 1.0.4 2.00 43.00 45.00 NOTE
r-patched-linux-x86_64 1.0.4 1.69 21.32 23.01 NOTE
r-release-linux-x86_64 1.0.4 1.88 21.08 22.96 NOTE
r-release-macos-arm64 1.0.4 16.00 NOTE
r-release-macos-x86_64 1.0.4 28.00 NOTE
r-release-windows-x86_64 1.0.4 3.00 44.00 47.00 NOTE
r-oldrel-macos-arm64 1.0.4 17.00 NOTE
r-oldrel-macos-x86_64 1.0.4 20.00 NOTE
r-oldrel-windows-x86_64 1.0.4 2.00 35.00 37.00 NOTE

Check Details

Version: 1.0.4
Check: LazyData
Result: NOTE 'LazyData' is specified without a 'data' directory Flavors: r-devel-linux-x86_64-debian-clang, r-devel-linux-x86_64-debian-gcc, r-devel-linux-x86_64-fedora-clang, r-devel-linux-x86_64-fedora-gcc, r-devel-windows-x86_64, r-patched-linux-x86_64, r-release-linux-x86_64, r-release-macos-arm64, r-release-macos-x86_64, r-release-windows-x86_64, r-oldrel-macos-arm64, r-oldrel-macos-x86_64, r-oldrel-windows-x86_64