Last updated on 2023-12-09 00:52:52 CET.
Flavor | Version | Tinstall | Tcheck | Ttotal | Status | Flags |
---|---|---|---|---|---|---|
r-devel-linux-x86_64-debian-clang | 0.6.3.1.1 | 147.11 | 81.90 | 229.01 | OK | |
r-devel-linux-x86_64-debian-gcc | 0.6.3.1.1 | 123.30 | 64.53 | 187.83 | OK | |
r-devel-linux-x86_64-fedora-clang | 0.6.3.1.1 | 290.46 | NOTE | |||
r-devel-linux-x86_64-fedora-gcc | 0.6.3.1.1 | 351.34 | OK | |||
r-devel-windows-x86_64 | 0.6.3.1.1 | 113.00 | 126.00 | 239.00 | NOTE | |
r-patched-linux-x86_64 | 0.6.3.1.1 | 140.63 | 84.15 | 224.78 | OK | |
r-release-linux-x86_64 | 0.6.3.1.1 | 131.53 | 83.71 | 215.24 | OK | |
r-release-macos-arm64 | 0.6.3.1.1 | 101.00 | NOTE | |||
r-release-macos-x86_64 | 0.6.3.1.1 | 154.00 | NOTE | |||
r-release-windows-x86_64 | 0.6.3.1.1 | 140.00 | 147.00 | 287.00 | NOTE | |
r-oldrel-macos-arm64 | 0.6.3.1.1 | 81.00 | NOTE | |||
r-oldrel-macos-x86_64 | 0.6.3.1.1 | 113.00 | NOTE | |||
r-oldrel-windows-x86_64 | 0.6.3.1.1 | 132.00 | 134.00 | 266.00 | NOTE |
Version: 0.6.3.1.1
Check: installed package size
Result: NOTE
installed size is 10.4Mb
sub-directories of 1Mb or more:
include 5.0Mb
libs 5.0Mb
Flavors: r-devel-linux-x86_64-fedora-clang, r-devel-windows-x86_64, r-release-macos-arm64, r-release-macos-x86_64, r-release-windows-x86_64, r-oldrel-macos-arm64, r-oldrel-macos-x86_64, r-oldrel-windows-x86_64
Version: 0.6.3.1.1
Check: Rd cross-references
Result: NOTE
Undeclared package ‘wdm’ in Rd xrefs
Flavor: r-devel-linux-x86_64-fedora-clang