CRAN Package Check Results for Package ryandexdirect

Last updated on 2021-10-18 00:48:27 CEST.

Flavor Version Tinstall Tcheck Ttotal Status Flags
r-devel-linux-x86_64-debian-clang 3.6.0 9.01 69.86 78.87 OK
r-devel-linux-x86_64-debian-gcc 3.6.0 6.80 51.90 58.70 OK
r-devel-linux-x86_64-fedora-clang 3.6.0 102.41 NOTE
r-devel-linux-x86_64-fedora-gcc 3.6.0 89.72 OK
r-devel-windows-x86_64 3.6.0 14.00 84.00 98.00 OK
r-devel-windows-x86_64-gcc10-UCRT 3.6.0 OK
r-patched-linux-x86_64 3.6.0 9.55 67.98 77.53 OK
r-patched-solaris-x86 3.6.0 121.90 NOTE
r-release-linux-x86_64 3.6.0 8.46 67.33 75.79 OK
r-release-macos-arm64 3.6.0 OK
r-release-macos-x86_64 3.6.0 OK
r-release-windows-ix86+x86_64 3.6.0 23.00 94.00 117.00 OK
r-oldrel-macos-x86_64 3.6.0 OK
r-oldrel-windows-ix86+x86_64 3.6.0 20.00 93.00 113.00 OK

Check Details

Version: 3.6.0
Check: Rd cross-references
Result: NOTE
    Undeclared package ‘rym’ in Rd xrefs
Flavor: r-devel-linux-x86_64-fedora-clang

Version: 3.6.0
Check: installed package size
Result: NOTE
     installed size is 5.0Mb
     sub-directories of 1Mb or more:
     doc 4.5Mb
Flavor: r-patched-solaris-x86