CRAN Package Check Results for Package rzentra

Last updated on 2021-10-25 00:49:25 CEST.

Flavor Version Tinstall Tcheck Ttotal Status Flags
r-devel-linux-x86_64-debian-clang 0.1.0 5.74 52.91 58.65 NOTE
r-devel-linux-x86_64-debian-gcc 0.1.0 4.47 39.06 43.53 NOTE
r-devel-linux-x86_64-fedora-clang 0.1.0 78.37 NOTE
r-devel-linux-x86_64-fedora-gcc 0.1.0 67.97 NOTE
r-devel-windows-x86_64 0.1.0 10.00 57.00 67.00 NOTE
r-devel-windows-x86_64-gcc10-UCRT 0.1.0 NOTE
r-patched-linux-x86_64 0.1.0 5.21 49.78 54.99 NOTE
r-patched-solaris-x86 0.1.0 101.60 NOTE
r-release-linux-x86_64 0.1.0 5.48 49.61 55.09 NOTE
r-release-macos-arm64 0.1.0 NOTE
r-release-macos-x86_64 0.1.0 NOTE
r-release-windows-ix86+x86_64 0.1.0 10.00 76.00 86.00 NOTE
r-oldrel-macos-x86_64 0.1.0 OK
r-oldrel-windows-ix86+x86_64 0.1.0 14.00 79.00 93.00 OK

Check Details

Version: 0.1.0
Check: LazyData
Result: NOTE
     'LazyData' is specified without a 'data' directory
Flavors: r-devel-linux-x86_64-debian-clang, r-devel-linux-x86_64-debian-gcc, r-devel-linux-x86_64-fedora-clang, r-devel-linux-x86_64-fedora-gcc, r-devel-windows-x86_64, r-devel-windows-x86_64-gcc10-UCRT, r-patched-linux-x86_64, r-patched-solaris-x86, r-release-linux-x86_64, r-release-macos-arm64, r-release-macos-x86_64, r-release-windows-ix86+x86_64