Last updated on 2023-10-03 01:05:03 CEST.
Flavor | Version | Tinstall | Tcheck | Ttotal | Status | Flags |
---|---|---|---|---|---|---|
r-devel-linux-x86_64-debian-clang | 2.10.3 | 25.82 | 187.98 | 213.80 | NOTE | |
r-devel-linux-x86_64-debian-gcc | 2.10.3 | 21.02 | 134.52 | 155.54 | NOTE | |
r-devel-linux-x86_64-fedora-clang | 2.10.3 | 256.46 | NOTE | |||
r-devel-linux-x86_64-fedora-gcc | 2.10.3 | 251.73 | NOTE | |||
r-devel-windows-x86_64 | 2.10.3 | 25.00 | 150.00 | 175.00 | NOTE | |
r-patched-linux-x86_64 | 2.10.3 | 26.85 | 177.08 | 203.93 | OK | |
r-release-linux-x86_64 | 2.10.3 | 20.80 | 179.28 | 200.08 | OK | |
r-release-macos-arm64 | 2.10.3 | 63.00 | OK | |||
r-release-macos-x86_64 | 2.10.3 | 117.00 | OK | |||
r-release-windows-x86_64 | 2.10.3 | 32.00 | 186.00 | 218.00 | OK | |
r-oldrel-macos-arm64 | 2.10.3 | 65.00 | OK | |||
r-oldrel-macos-x86_64 | 2.10.3 | 85.00 | OK | |||
r-oldrel-windows-x86_64 | 2.10.3 | 31.00 | 167.00 | 198.00 | OK |
Version: 2.10.3
Check: Rd \usage sections
Result: NOTE
Documented arguments not in \usage in documentation object '.LoadDataFile':
‘remapcells’
Functions with \usage entries need to have the appropriate \alias
entries, and all their arguments documented.
The \usage entries must correspond to syntactically valid R code.
See chapter ‘Writing R documentation files’ in the ‘Writing R
Extensions’ manual.
Flavors: r-devel-linux-x86_64-debian-clang, r-devel-linux-x86_64-debian-gcc, r-devel-linux-x86_64-fedora-clang, r-devel-linux-x86_64-fedora-gcc, r-devel-windows-x86_64