CRAN Package Check Results for Package sads

Last updated on 2024-07-22 00:50:47 CEST.

Flavor Version Tinstall Tcheck Ttotal Status Flags
r-devel-linux-x86_64-debian-clang 0.6.3 20.64 225.07 245.71 OK
r-devel-linux-x86_64-debian-gcc 0.6.3 17.97 162.39 180.36 NOTE
r-devel-linux-x86_64-fedora-clang 0.6.3 301.79 OK
r-devel-linux-x86_64-fedora-gcc 0.6.3 296.10 OK
r-devel-windows-x86_64 0.6.3 21.00 204.00 225.00 NOTE
r-patched-linux-x86_64 0.6.3 22.61 213.53 236.14 OK
r-release-linux-x86_64 0.6.3 21.56 212.25 233.81 OK
r-release-macos-arm64 0.6.3 105.00 OK
r-release-macos-x86_64 0.6.3 137.00 OK
r-release-windows-x86_64 0.6.3 20.00 209.00 229.00 OK
r-oldrel-macos-arm64 0.6.3 115.00 OK
r-oldrel-macos-x86_64 0.6.3 246.00 OK
r-oldrel-windows-x86_64 0.6.3 21.00 242.00 263.00 OK

Check Details

Version: 0.6.3
Check: Rd cross-references
Result: NOTE Found the following Rd file(s) with Rd \link{} targets missing package anchors: ICtab.Rd: mle2-class fitrad-class.Rd: mle2, mle2-class fitsad-class.Rd: mle2, mle2-class fitsadC-class.Rd: mle2, mle2-class Please provide package anchors for all Rd \link{} targets not in the package itself and the base packages. Flavors: r-devel-linux-x86_64-debian-gcc, r-devel-windows-x86_64