CRAN Package Check Results for Package saeSim

Last updated on 2021-10-26 01:00:05 CEST.

Flavor Version Tinstall Tcheck Ttotal Status Flags
r-devel-linux-x86_64-debian-clang 0.10.0 33.89 329.03 362.92 OK
r-devel-linux-x86_64-debian-gcc 0.10.0 25.74 243.63 269.37 OK
r-devel-linux-x86_64-fedora-clang 0.10.0 433.56 NOTE
r-devel-linux-x86_64-fedora-gcc 0.10.0 425.43 OK
r-devel-windows-x86_64 0.10.0 53.00 272.00 325.00 OK
r-devel-windows-x86_64-gcc10-UCRT 0.10.0 OK
r-patched-linux-x86_64 0.10.0 32.34 312.25 344.59 OK
r-patched-solaris-x86 0.10.0 571.60 OK
r-release-linux-x86_64 0.10.0 30.19 313.78 343.97 OK
r-release-macos-arm64 0.10.0 OK
r-release-macos-x86_64 0.10.0 OK
r-release-windows-ix86+x86_64 0.10.0 52.00 381.00 433.00 OK
r-oldrel-macos-x86_64 0.10.0 OK
r-oldrel-windows-ix86+x86_64 0.10.0 48.00 238.00 286.00 OK

Check Details

Version: 0.10.0
Check: Rd cross-references
Result: NOTE
    Undeclared packages ‘magrittr’, ‘rlang’ in Rd xrefs
Flavor: r-devel-linux-x86_64-fedora-clang