CRAN Package Check Results for Package safer

Last updated on 2021-10-19 00:49:31 CEST.

Flavor Version Tinstall Tcheck Ttotal Status Flags
r-devel-linux-x86_64-debian-clang 0.2.1 2.60 21.82 24.42 NOTE
r-devel-linux-x86_64-debian-gcc 0.2.1 1.91 17.04 18.95 NOTE
r-devel-linux-x86_64-fedora-clang 0.2.1 39.53 NOTE
r-devel-linux-x86_64-fedora-gcc 0.2.1 28.67 NOTE
r-devel-windows-x86_64 0.2.1 4.00 31.00 35.00 NOTE
r-devel-windows-x86_64-gcc10-UCRT 0.2.1 NOTE
r-patched-linux-x86_64 0.2.1 2.57 21.18 23.75 NOTE
r-patched-solaris-x86 0.2.1 43.90 NOTE
r-release-linux-x86_64 0.2.1 2.41 21.16 23.57 NOTE
r-release-macos-arm64 0.2.1 NOTE
r-release-macos-x86_64 0.2.1 NOTE
r-release-windows-ix86+x86_64 0.2.1 4.00 37.00 41.00 NOTE
r-oldrel-macos-x86_64 0.2.1 OK
r-oldrel-windows-ix86+x86_64 0.2.1 6.00 37.00 43.00 OK

Check Details

Version: 0.2.1
Check: LazyData
Result: NOTE
     'LazyData' is specified without a 'data' directory
Flavors: r-devel-linux-x86_64-debian-clang, r-devel-linux-x86_64-debian-gcc, r-devel-linux-x86_64-fedora-clang, r-devel-linux-x86_64-fedora-gcc, r-devel-windows-x86_64, r-devel-windows-x86_64-gcc10-UCRT, r-patched-linux-x86_64, r-patched-solaris-x86, r-release-linux-x86_64, r-release-macos-arm64, r-release-macos-x86_64, r-release-windows-ix86+x86_64