CRAN Package Check Results for Package safetyData

Last updated on 2023-12-02 00:52:09 CET.

Flavor Version Tinstall Tcheck Ttotal Status Flags
r-devel-linux-x86_64-debian-clang 1.0.0 20.55 47.46 68.01 OK
r-devel-linux-x86_64-debian-gcc 1.0.0 20.25 38.71 58.96 OK
r-devel-linux-x86_64-fedora-clang 1.0.0 89.50 NOTE
r-devel-linux-x86_64-fedora-gcc 1.0.0 86.92 NOTE
r-devel-windows-x86_64 1.0.0 20.00 61.00 81.00 OK
r-patched-linux-x86_64 1.0.0 22.32 45.54 67.86 OK
r-release-linux-x86_64 1.0.0 22.27 46.00 68.27 OK
r-release-macos-arm64 1.0.0 43.00 OK
r-release-macos-x86_64 1.0.0 77.00 OK
r-release-windows-x86_64 1.0.0 25.00 75.00 100.00 OK
r-oldrel-macos-arm64 1.0.0 39.00 OK
r-oldrel-macos-x86_64 1.0.0 56.00 NOTE
r-oldrel-windows-x86_64 1.0.0 44.00 86.00 130.00 OK

Check Details

Version: 1.0.0
Check: data for non-ASCII characters
Result: NOTE Note: found 3 marked Latin-1 strings Flavors: r-devel-linux-x86_64-fedora-clang, r-devel-linux-x86_64-fedora-gcc, r-oldrel-macos-x86_64