CRAN Package Check Results for Package samurais

Last updated on 2024-06-20 00:59:45 CEST.

Flavor Version Tinstall Tcheck Ttotal Status Flags
r-devel-linux-x86_64-debian-clang 0.1.0 88.36 156.34 244.70 NOTE
r-devel-linux-x86_64-debian-gcc 0.1.0 61.28 117.94 179.22 NOTE
r-devel-linux-x86_64-fedora-clang 0.1.0 337.96 NOTE
r-devel-linux-x86_64-fedora-gcc 0.1.0 351.19 NOTE
r-devel-windows-x86_64 0.1.0 72.00 144.00 216.00 NOTE
r-patched-linux-x86_64 0.1.0 74.09 155.78 229.87 NOTE
r-release-linux-x86_64 0.1.0 69.50 156.64 226.14 NOTE
r-release-macos-arm64 0.1.0 82.00 NOTE
r-release-macos-x86_64 0.1.0 115.00 NOTE
r-release-windows-x86_64 0.1.0 70.00 153.00 223.00 NOTE
r-oldrel-macos-arm64 0.1.0 85.00 NOTE
r-oldrel-macos-x86_64 0.1.0 156.00 NOTE
r-oldrel-windows-x86_64 0.1.0 86.00 179.00 265.00 NOTE

Check Details

Version: 0.1.0
Check: C++ specification
Result: NOTE Specified C++11: please drop specification unless essential Flavors: r-devel-linux-x86_64-debian-clang, r-devel-linux-x86_64-debian-gcc, r-devel-linux-x86_64-fedora-clang, r-devel-linux-x86_64-fedora-gcc, r-devel-windows-x86_64, r-patched-linux-x86_64, r-release-linux-x86_64, r-release-macos-arm64, r-release-macos-x86_64, r-release-windows-x86_64, r-oldrel-macos-arm64, r-oldrel-macos-x86_64, r-oldrel-windows-x86_64

Version: 0.1.0
Check: Rd files
Result: NOTE checkRd: (-1) ModelHMMR-class.Rd:37: Lost braces; missing escapes or markup? 37 | class {StatHMMR}). | ^ Flavors: r-devel-linux-x86_64-debian-clang, r-devel-linux-x86_64-debian-gcc, r-devel-linux-x86_64-fedora-clang, r-devel-linux-x86_64-fedora-gcc, r-devel-windows-x86_64, r-patched-linux-x86_64, r-release-linux-x86_64, r-release-macos-arm64, r-release-macos-x86_64, r-release-windows-x86_64

Version: 0.1.0
Check: installed package size
Result: NOTE installed size is 6.6Mb sub-directories of 1Mb or more: doc 2.3Mb help 3.4Mb Flavors: r-devel-linux-x86_64-fedora-clang, r-devel-windows-x86_64, r-release-macos-arm64, r-release-macos-x86_64, r-release-windows-x86_64, r-oldrel-macos-arm64, r-oldrel-macos-x86_64, r-oldrel-windows-x86_64