CRAN Package Check Results for Package sanic

Last updated on 2021-10-20 00:49:53 CEST.

Flavor Version Tinstall Tcheck Ttotal Status Flags
r-devel-linux-x86_64-debian-clang 0.0.1 105.76 59.13 164.89 OK
r-devel-linux-x86_64-debian-gcc 0.0.1 84.39 49.85 134.24 OK
r-devel-linux-x86_64-fedora-clang 0.0.1 252.58 NOTE
r-devel-linux-x86_64-fedora-gcc 0.0.1 228.45 OK
r-devel-windows-x86_64 0.0.1 127.00 76.00 203.00 OK
r-devel-windows-x86_64-gcc10-UCRT 0.0.1 OK
r-patched-linux-x86_64 0.0.1 97.59 62.69 160.28 OK
r-patched-solaris-x86 0.0.1 206.10 OK
r-release-linux-x86_64 0.0.1 96.81 63.50 160.31 OK
r-release-macos-arm64 0.0.1 NOTE
r-release-macos-x86_64 0.0.1 NOTE
r-release-windows-ix86+x86_64 0.0.1 173.00 123.00 296.00 OK
r-oldrel-macos-x86_64 0.0.1 NOTE
r-oldrel-windows-ix86+x86_64 0.0.1 245.00 124.00 369.00 OK

Check Details

Version: 0.0.1
Check: installed package size
Result: NOTE
     installed size is 21.2Mb
     sub-directories of 1Mb or more:
     libs 21.1Mb
Flavors: r-devel-linux-x86_64-fedora-clang, r-release-macos-arm64, r-release-macos-x86_64, r-oldrel-macos-x86_64