CRAN Package Check Results for Package sankey

Last updated on 2023-09-26 01:06:34 CEST.

Flavor Version Tinstall Tcheck Ttotal Status Flags
r-devel-linux-x86_64-debian-clang 1.0.2 2.94 43.05 45.99 NOTE
r-devel-linux-x86_64-debian-gcc 1.0.2 1.94 33.11 35.05 NOTE
r-devel-linux-x86_64-fedora-clang 1.0.2 57.20 NOTE
r-devel-linux-x86_64-fedora-gcc 1.0.2 58.85 NOTE
r-devel-windows-x86_64 1.0.2 4.00 50.00 54.00 NOTE
r-patched-linux-x86_64 1.0.2 3.05 42.76 45.81 NOTE
r-release-linux-x86_64 1.0.2 2.74 43.47 46.21 NOTE
r-release-macos-arm64 1.0.2 24.00 NOTE
r-release-macos-x86_64 1.0.2 30.00 NOTE
r-release-windows-x86_64 1.0.2 4.00 53.00 57.00 NOTE
r-oldrel-macos-arm64 1.0.2 21.00 NOTE
r-oldrel-macos-x86_64 1.0.2 27.00 NOTE
r-oldrel-windows-x86_64 1.0.2 5.00 57.00 62.00 NOTE

Check Details

Version: 1.0.2
Check: LazyData
Result: NOTE
     'LazyData' is specified without a 'data' directory
Flavors: r-devel-linux-x86_64-debian-clang, r-devel-linux-x86_64-debian-gcc, r-devel-linux-x86_64-fedora-clang, r-devel-linux-x86_64-fedora-gcc, r-devel-windows-x86_64, r-patched-linux-x86_64, r-release-linux-x86_64, r-release-macos-arm64, r-release-macos-x86_64, r-release-windows-x86_64, r-oldrel-macos-arm64, r-oldrel-macos-x86_64, r-oldrel-windows-x86_64