CRAN Package Check Results for Package sarima

Last updated on 2021-10-23 00:49:08 CEST.

Flavor Version Tinstall Tcheck Ttotal Status Flags
r-devel-linux-x86_64-debian-clang 0.8.5 73.86 308.05 381.91 OK
r-devel-linux-x86_64-debian-gcc 0.8.5 63.26 226.47 289.73 OK
r-devel-linux-x86_64-fedora-clang 0.8.5 515.79 OK
r-devel-linux-x86_64-fedora-gcc 0.8.5 489.35 OK
r-devel-windows-x86_64 0.8.5 108.00 389.00 497.00 OK
r-devel-windows-x86_64-gcc10-UCRT 0.8.5 OK
r-patched-linux-x86_64 0.8.5 70.50 316.56 387.06 OK
r-patched-solaris-x86 0.8.5 553.90 OK
r-release-linux-x86_64 0.8.5 75.42 315.53 390.95 OK
r-release-macos-arm64 0.8.5 NOTE
r-release-macos-x86_64 0.8.5 OK
r-release-windows-ix86+x86_64 0.8.5 136.00 577.00 713.00 OK
r-oldrel-macos-x86_64 0.8.5 OK
r-oldrel-windows-ix86+x86_64 0.8.5 186.00 660.00 846.00 OK

Check Details

Version: 0.8.5
Check: installed package size
Result: NOTE
     installed size is 5.1Mb
     sub-directories of 1Mb or more:
     libs 3.8Mb
Flavor: r-release-macos-arm64