Last updated on 2023-05-30 00:59:56 CEST.
Flavor | Version | Tinstall | Tcheck | Ttotal | Status | Flags |
---|---|---|---|---|---|---|
r-devel-linux-x86_64-debian-clang | 0.6.14 | 206.63 | 350.55 | 557.18 | NOTE | |
r-devel-linux-x86_64-debian-gcc | 0.6.14 | 167.95 | 327.34 | 495.29 | NOTE | |
r-devel-linux-x86_64-fedora-clang | 0.6.14 | 819.21 | NOTE | |||
r-devel-linux-x86_64-fedora-gcc | 0.6.14 | 717.06 | NOTE | |||
r-devel-windows-x86_64 | 0.6.14 | 14.00 | 425.00 | 439.00 | NOTE | |
r-patched-linux-x86_64 | 0.6.14 | 179.15 | 363.14 | 542.29 | NOTE | |
r-release-linux-x86_64 | 0.6.14 | 178.48 | 361.88 | 540.36 | NOTE | |
r-release-macos-arm64 | 0.6.14 | 117.00 | NOTE | |||
r-release-macos-x86_64 | 0.6.14 | 196.00 | NOTE | |||
r-release-windows-x86_64 | 0.6.14 | 17.00 | 486.00 | 503.00 | NOTE | |
r-oldrel-macos-arm64 | 0.6.14 | 110.00 | NOTE | |||
r-oldrel-macos-x86_64 | 0.6.14 | 147.00 | NOTE | |||
r-oldrel-windows-x86_64 | 0.6.14 | 62.00 | 10.00 | 72.00 | ERROR |
Version: 0.6.14
Check: C++ specification
Result: NOTE
Specified C++11: please drop specification unless essential
Flavors: r-devel-linux-x86_64-debian-clang, r-devel-linux-x86_64-debian-gcc, r-devel-linux-x86_64-fedora-clang, r-devel-linux-x86_64-fedora-gcc, r-patched-linux-x86_64, r-release-linux-x86_64, r-release-macos-arm64, r-release-macos-x86_64
Version: 0.6.14
Check: installed package size
Result: NOTE
installed size is 6.6Mb
sub-directories of 1Mb or more:
bin 5.8Mb
Flavors: r-devel-windows-x86_64, r-release-macos-arm64, r-release-macos-x86_64, r-release-windows-x86_64, r-oldrel-macos-arm64, r-oldrel-macos-x86_64
Version: 0.6.14
Check: whether package can be installed
Result: ERROR
Installation failed.
Flavor: r-oldrel-windows-x86_64