CRAN Package Check Results for Package satellite

Last updated on 2021-10-26 01:00:05 CEST.

Flavor Version Tinstall Tcheck Ttotal Status Flags
r-devel-linux-x86_64-debian-clang 1.0.4 50.32 377.76 428.08 OK
r-devel-linux-x86_64-debian-gcc 1.0.4 40.37 289.99 330.36 OK
r-devel-linux-x86_64-fedora-clang 1.0.4 514.72 OK
r-devel-linux-x86_64-fedora-gcc 1.0.4 503.72 OK
r-devel-windows-x86_64 1.0.4 71.00 321.00 392.00 OK
r-devel-windows-x86_64-gcc10-UCRT 1.0.4 OK
r-patched-linux-x86_64 1.0.4 46.82 373.57 420.39 OK
r-patched-solaris-x86 1.0.4 549.70 OK
r-release-linux-x86_64 1.0.4 48.87 373.18 422.05 OK
r-release-macos-arm64 1.0.4 OK
r-release-macos-x86_64 1.0.4 OK
r-release-windows-ix86+x86_64 1.0.4 76.00 651.00 727.00 NOTE
r-oldrel-macos-x86_64 1.0.4 OK
r-oldrel-windows-ix86+x86_64 1.0.4 71.00 490.00 561.00 NOTE

Check Details

Version: 1.0.4
Check: installed package size
Result: NOTE
     installed size is 5.6Mb
     sub-directories of 1Mb or more:
     R 1.6Mb
     extdata 1.3Mb
     libs 2.0Mb
Flavors: r-release-windows-ix86+x86_64, r-oldrel-windows-ix86+x86_64