CRAN Package Check Results for Package satscanMapper

Last updated on 2021-10-20 00:49:53 CEST.

Flavor Version Tinstall Tcheck Ttotal Status Flags
r-devel-linux-x86_64-debian-clang 1.0.1 9.21 64.24 73.45 NOTE
r-devel-linux-x86_64-debian-gcc 1.0.1 7.89 49.65 57.54 NOTE
r-devel-linux-x86_64-fedora-clang 1.0.1 101.82 NOTE
r-devel-linux-x86_64-fedora-gcc 1.0.1 89.42 NOTE
r-devel-windows-x86_64 1.0.1 20.00 94.00 114.00 OK
r-devel-windows-x86_64-gcc10-UCRT 1.0.1 OK
r-patched-linux-x86_64 1.0.1 9.39 61.70 71.09 NOTE
r-patched-solaris-x86 1.0.1 145.80 NOTE
r-release-linux-x86_64 1.0.1 7.78 61.50 69.28 NOTE
r-release-macos-arm64 1.0.1 OK
r-release-macos-x86_64 1.0.1 OK
r-release-windows-ix86+x86_64 1.0.1 18.00 152.00 170.00 OK
r-oldrel-macos-x86_64 1.0.1 OK
r-oldrel-windows-ix86+x86_64 1.0.1 32.00 108.00 140.00 OK

Check Details

Version: 1.0.1
Check: for non-standard things in the check directory
Result: NOTE
    Found the following files/directories:
     'stateLung-R01.pdf' 'stateLung-R01.txt'
Flavors: r-devel-linux-x86_64-debian-clang, r-devel-linux-x86_64-debian-gcc, r-devel-linux-x86_64-fedora-clang, r-devel-linux-x86_64-fedora-gcc, r-patched-linux-x86_64, r-patched-solaris-x86, r-release-linux-x86_64