CRAN Package Check Results for Package sbfc

Last updated on 2021-10-25 00:49:25 CEST.

Flavor Version Tinstall Tcheck Ttotal Status Flags
r-devel-linux-x86_64-debian-clang 1.0.2 46.32 83.18 129.50 OK
r-devel-linux-x86_64-debian-gcc 1.0.2 34.85 68.46 103.31 OK
r-devel-linux-x86_64-fedora-clang 1.0.2 183.18 OK
r-devel-linux-x86_64-fedora-gcc 1.0.2 167.38 OK
r-devel-windows-x86_64 1.0.2 60.00 87.00 147.00 OK
r-devel-windows-x86_64-gcc10-UCRT 1.0.2 OK
r-patched-linux-x86_64 1.0.2 43.53 82.76 126.29 OK
r-patched-solaris-x86 1.0.2 215.30 OK
r-release-linux-x86_64 1.0.2 40.15 82.38 122.53 OK
r-release-macos-arm64 1.0.2 NOTE
r-release-macos-x86_64 1.0.2 OK
r-release-windows-ix86+x86_64 1.0.2 84.00 172.00 256.00 OK
r-oldrel-macos-x86_64 1.0.2 OK
r-oldrel-windows-ix86+x86_64 1.0.2 109.00 171.00 280.00 OK

Check Details

Version: 1.0.2
Check: installed package size
Result: NOTE
     installed size is 5.8Mb
     sub-directories of 1Mb or more:
     data 2.0Mb
     libs 3.6Mb
Flavor: r-release-macos-arm64