CRAN Package Check Results for Package sbtools

Last updated on 2024-06-14 00:53:58 CEST.

Flavor Version Tinstall Tcheck Ttotal Status Flags
r-devel-linux-x86_64-debian-clang 1.3.2 3.59 49.39 52.98 OK
r-devel-linux-x86_64-debian-gcc 1.3.2 3.62 33.67 37.29 ERROR
r-devel-linux-x86_64-fedora-clang 1.3.2 68.01 OK
r-devel-linux-x86_64-fedora-gcc 1.3.2 78.13 OK
r-devel-windows-x86_64 1.3.2 5.00 65.00 70.00 OK
r-patched-linux-x86_64 1.3.2 6.38 47.05 53.43 OK
r-release-linux-x86_64 1.3.2 4.80 47.82 52.62 OK
r-release-macos-arm64 1.3.2 31.00 OK
r-release-macos-x86_64 1.3.2 43.00 OK
r-release-windows-x86_64 1.3.2 6.00 68.00 74.00 OK
r-oldrel-macos-arm64 1.3.2 37.00 OK
r-oldrel-macos-x86_64 1.3.2 68.00 OK
r-oldrel-windows-x86_64 1.3.2 6.00 68.00 74.00 OK

Check Details

Version: 1.3.2
Check: package dependencies
Result: NOTE Package suggested but not available for checking: ‘testthat’ Flavor: r-devel-linux-x86_64-debian-gcc

Version: 1.3.2
Check: tests
Result: ERROR Running ‘testthat.R’ [0s/1s] Running the tests in ‘tests/testthat.R’ failed. Complete output: > library(testthat) Error in library(testthat) : there is no package called 'testthat' Execution halted Flavor: r-devel-linux-x86_64-debian-gcc