CRAN Package Check Results for Package sbw

Last updated on 2021-10-27 00:51:18 CEST.

Flavor Version Tinstall Tcheck Ttotal Status Flags
r-devel-linux-x86_64-debian-clang 1.1.5 9.79 73.00 82.79 NOTE
r-devel-linux-x86_64-debian-gcc 1.1.5 7.95 57.03 64.98 NOTE
r-devel-linux-x86_64-fedora-clang 1.1.5 108.77 NOTE
r-devel-linux-x86_64-fedora-gcc 1.1.5 99.11 NOTE
r-devel-windows-x86_64 1.1.5 16.00 69.00 85.00 NOTE
r-devel-windows-x86_64-gcc10-UCRT 1.1.5 NOTE
r-patched-linux-x86_64 1.1.5 9.31 70.83 80.14 NOTE
r-patched-solaris-x86 1.1.5 142.60 NOTE
r-release-linux-x86_64 1.1.5 9.13 69.86 78.99 NOTE
r-release-macos-arm64 1.1.5 NOTE
r-release-macos-x86_64 1.1.5 NOTE
r-release-windows-ix86+x86_64 1.1.5 14.00 92.00 106.00 NOTE
r-oldrel-macos-x86_64 1.1.5 NOTE
r-oldrel-windows-ix86+x86_64 1.1.5 22.00 89.00 111.00 NOTE

Check Details

Version: 1.1.5
Check: package dependencies
Result: NOTE
    Packages which this enhances but not available for checking:
     'gurobi', 'pogs'
Flavors: r-devel-linux-x86_64-debian-clang, r-devel-linux-x86_64-debian-gcc, r-patched-linux-x86_64, r-release-linux-x86_64

Version: 1.1.5
Check: package dependencies
Result: NOTE
    Packages which this enhances but not available for checking:
     'gurobi', 'Rcplex', 'pogs'
Flavors: r-devel-linux-x86_64-fedora-clang, r-devel-linux-x86_64-fedora-gcc, r-devel-windows-x86_64, r-devel-windows-x86_64-gcc10-UCRT, r-release-macos-arm64, r-release-macos-x86_64, r-release-windows-ix86+x86_64, r-oldrel-macos-x86_64, r-oldrel-windows-ix86+x86_64

Version: 1.1.5
Check: package dependencies
Result: NOTE
    Packages which this enhances but not available for checking:
     'gurobi', 'Rcplex', 'Rmosek', 'pogs'
Flavor: r-patched-solaris-x86