CRAN Package Check Results for Package scSorter

Last updated on 2021-10-25 00:49:25 CEST.

Flavor Version Tinstall Tcheck Ttotal Status Flags
r-devel-linux-x86_64-debian-clang 0.0.2 2.47 113.19 115.66 NOTE
r-devel-linux-x86_64-debian-gcc 0.0.2 2.08 80.86 82.94 NOTE
r-devel-linux-x86_64-fedora-clang 0.0.2 144.37 NOTE
r-devel-linux-x86_64-fedora-gcc 0.0.2 134.80 NOTE
r-devel-windows-x86_64 0.0.2 5.00 109.00 114.00 NOTE
r-devel-windows-x86_64-gcc10-UCRT 0.0.2 NOTE
r-patched-linux-x86_64 0.0.2 2.71 107.63 110.34 NOTE
r-patched-solaris-x86 0.0.2 243.10 NOTE
r-release-linux-x86_64 0.0.2 2.43 108.28 110.71 NOTE
r-release-macos-arm64 0.0.2 NOTE
r-release-macos-x86_64 0.0.2 NOTE
r-release-windows-ix86+x86_64 0.0.2 6.00 143.00 149.00 NOTE
r-oldrel-macos-x86_64 0.0.2 OK
r-oldrel-windows-ix86+x86_64 0.0.2 6.00 137.00 143.00 OK

Check Details

Version: 0.0.2
Check: LazyData
Result: NOTE
     'LazyData' is specified without a 'data' directory
Flavors: r-devel-linux-x86_64-debian-clang, r-devel-linux-x86_64-debian-gcc, r-devel-linux-x86_64-fedora-clang, r-devel-linux-x86_64-fedora-gcc, r-devel-windows-x86_64, r-devel-windows-x86_64-gcc10-UCRT, r-patched-linux-x86_64, r-patched-solaris-x86, r-release-linux-x86_64, r-release-macos-arm64, r-release-macos-x86_64, r-release-windows-ix86+x86_64