CRAN Package Check Results for Package scales

Last updated on 2021-09-20 00:49:13 CEST.

Flavor Version Tinstall Tcheck Ttotal Status Flags
r-devel-linux-x86_64-debian-clang 1.1.1 8.23 62.50 70.73 OK
r-devel-linux-x86_64-debian-gcc 1.1.1 5.87 46.80 52.67 OK
r-devel-linux-x86_64-fedora-clang 1.1.1 90.69 NOTE
r-devel-linux-x86_64-fedora-gcc 1.1.1 80.29 OK
r-devel-windows-x86_64 1.1.1 11.00 64.00 75.00 OK
r-devel-windows-x86_64-gcc10-UCRT 1.1.1 ERROR
r-patched-linux-x86_64 1.1.1 8.48 57.91 66.39 OK
r-patched-solaris-x86 1.1.1 109.10 OK
r-release-linux-x86_64 1.1.1 7.48 58.20 65.68 OK
r-release-macos-arm64 1.1.1 OK
r-release-macos-x86_64 1.1.1 OK
r-release-windows-ix86+x86_64 1.1.1 14.00 67.00 81.00 OK
r-oldrel-macos-x86_64 1.1.1 OK
r-oldrel-windows-ix86+x86_64 1.1.1 13.00 62.00 75.00 OK

Check Details

Version: 1.1.1
Check: Rd cross-references
Result: NOTE
    Undeclared package ‘plyr’ in Rd xrefs
Flavor: r-devel-linux-x86_64-fedora-clang

Version: 1.1.1
Check: whether package can be installed
Result: WARN
    Found the following significant warnings:
     WARNING: installation-time patches will not be applied, could not get the patches index
Flavor: r-devel-windows-x86_64-gcc10-UCRT

Version: 1.1.1
Check: PDF version of manual
Result: WARN
    LaTeX errors when creating PDF version.
    This typically indicates Rd problems.
Flavor: r-devel-windows-x86_64-gcc10-UCRT

Version: 1.1.1
Check: PDF version of manual without hyperrefs or index
Result: ERROR
    Re-running with no redirection of stdout/stderr.
Flavor: r-devel-windows-x86_64-gcc10-UCRT