CRAN Package Check Results for Package scan

Last updated on 2021-10-16 00:49:30 CEST.

Flavor Version Tinstall Tcheck Ttotal Status Flags
r-devel-linux-x86_64-debian-clang 0.53 20.63 150.19 170.82 OK
r-devel-linux-x86_64-debian-gcc 0.53 15.86 113.05 128.91 OK
r-devel-linux-x86_64-fedora-clang 0.53 214.70 NOTE
r-devel-linux-x86_64-fedora-gcc 0.53 198.94 NOTE
r-devel-windows-x86_64 0.53 39.00 142.00 181.00 OK
r-devel-windows-x86_64-gcc10-UCRT 0.53 NOTE
r-patched-linux-x86_64 0.53 24.98 144.66 169.64 OK
r-patched-solaris-x86 0.53 266.20 NOTE
r-release-linux-x86_64 0.53 21.98 142.98 164.96 OK
r-release-macos-arm64 0.53 NOTE
r-release-macos-x86_64 0.53 NOTE
r-release-windows-ix86+x86_64 0.53 45.00 177.00 222.00 OK
r-oldrel-macos-x86_64 0.53 NOTE
r-oldrel-windows-ix86+x86_64 0.53 44.00 178.00 222.00 OK

Check Details

Version: 0.53
Check: dependencies in R code
Result: NOTE
    Namespace in Imports field not imported from: ‘methods’
     All declared Imports should be used.
Flavors: r-devel-linux-x86_64-fedora-clang, r-devel-linux-x86_64-fedora-gcc, r-devel-windows-x86_64-gcc10-UCRT, r-patched-solaris-x86, r-release-macos-arm64, r-release-macos-x86_64, r-oldrel-macos-x86_64

Version: 0.53
Check: data for non-ASCII characters
Result: NOTE
     Note: found 1 marked UTF-8 string
Flavors: r-devel-linux-x86_64-fedora-clang, r-devel-linux-x86_64-fedora-gcc, r-devel-windows-x86_64-gcc10-UCRT, r-patched-solaris-x86, r-release-macos-arm64, r-release-macos-x86_64, r-oldrel-macos-x86_64