Last updated on 2023-09-27 23:37:45 CEST.
Flavor | Version | Tinstall | Tcheck | Ttotal | Status | Flags |
---|---|---|---|---|---|---|
r-devel-linux-x86_64-debian-clang | 0.60.0 | 14.09 | 118.83 | 132.92 | OK | |
r-devel-linux-x86_64-debian-gcc | 0.60.0 | 11.73 | 88.15 | 99.88 | OK | |
r-devel-linux-x86_64-fedora-clang | 0.60.0 | 164.26 | NOTE | |||
r-devel-linux-x86_64-fedora-gcc | 0.60.0 | 153.70 | NOTE | |||
r-devel-windows-x86_64 | 0.60.0 | 16.00 | 107.00 | 123.00 | OK | |
r-patched-linux-x86_64 | 0.60.0 | 22.74 | 113.43 | 136.17 | OK | |
r-release-linux-x86_64 | 0.60.0 | 10.63 | 115.26 | 125.89 | OK | |
r-release-macos-arm64 | 0.60.0 | 47.00 | OK | |||
r-release-macos-x86_64 | 0.60.0 | 103.00 | OK | |||
r-release-windows-x86_64 | 0.60.0 | 18.00 | 134.00 | 152.00 | OK | |
r-oldrel-macos-arm64 | 0.60.0 | 45.00 | OK | |||
r-oldrel-macos-x86_64 | 0.60.0 | 63.00 | OK | |||
r-oldrel-windows-x86_64 | 0.60.0 | 20.00 | 119.00 | 139.00 | OK |
Version: 0.60.0
Check: data for non-ASCII characters
Result: NOTE
Note: found 1 marked UTF-8 string
Flavors: r-devel-linux-x86_64-fedora-clang, r-devel-linux-x86_64-fedora-gcc