CRAN Package Check Results for Package scientoText

Last updated on 2021-10-17 00:48:50 CEST.

Flavor Version Tinstall Tcheck Ttotal Status Flags
r-devel-linux-x86_64-debian-clang 0.1 3.74 30.91 34.65 NOTE
r-devel-linux-x86_64-debian-gcc 0.1 2.93 24.80 27.73 NOTE
r-devel-linux-x86_64-fedora-clang 0.1 52.06 NOTE
r-devel-linux-x86_64-fedora-gcc 0.1 41.17 NOTE
r-devel-windows-x86_64 0.1 6.00 42.00 48.00 NOTE
r-devel-windows-x86_64-gcc10-UCRT 0.1 NOTE
r-patched-linux-x86_64 0.1 3.20 30.43 33.63 NOTE
r-patched-solaris-x86 0.1 64.20 NOTE
r-release-linux-x86_64 0.1 3.21 29.85 33.06 NOTE
r-release-macos-arm64 0.1 NOTE
r-release-macos-x86_64 0.1 NOTE
r-release-windows-ix86+x86_64 0.1 8.00 50.00 58.00 NOTE
r-oldrel-macos-x86_64 0.1 OK
r-oldrel-windows-ix86+x86_64 0.1 9.00 49.00 58.00 OK

Check Details

Version: 0.1
Check: LazyData
Result: NOTE
     'LazyData' is specified without a 'data' directory
Flavors: r-devel-linux-x86_64-debian-clang, r-devel-linux-x86_64-debian-gcc, r-devel-linux-x86_64-fedora-clang, r-devel-linux-x86_64-fedora-gcc, r-devel-windows-x86_64, r-devel-windows-x86_64-gcc10-UCRT, r-patched-linux-x86_64, r-patched-solaris-x86, r-release-linux-x86_64, r-release-macos-arm64, r-release-macos-x86_64, r-release-windows-ix86+x86_64