Last updated on 2025-01-20 00:48:32 CET.
Flavor | Version | Tinstall | Tcheck | Ttotal | Status | Flags |
---|---|---|---|---|---|---|
r-devel-linux-x86_64-debian-clang | 1.2.0 | 35.27 | 107.03 | 142.30 | OK | |
r-devel-linux-x86_64-debian-gcc | 1.2.0 | 24.74 | 74.81 | 99.55 | OK | |
r-devel-linux-x86_64-fedora-clang | 1.2.0 | 233.99 | NOTE | |||
r-devel-linux-x86_64-fedora-gcc | 1.2.0 | 243.20 | NOTE | |||
r-devel-windows-x86_64 | 1.2.0 | 42.00 | 126.00 | 168.00 | OK | |
r-patched-linux-x86_64 | 1.2.0 | 36.91 | 98.35 | 135.26 | NOTE | |
r-release-linux-x86_64 | 1.2.0 | 29.85 | 97.79 | 127.64 | NOTE | |
r-release-macos-arm64 | 1.2.0 | 59.00 | NOTE | |||
r-release-macos-x86_64 | 1.2.0 | 170.00 | NOTE | |||
r-release-windows-x86_64 | 1.2.0 | 42.00 | 125.00 | 167.00 | NOTE | |
r-oldrel-macos-arm64 | 1.2.0 | 69.00 | NOTE | |||
r-oldrel-macos-x86_64 | 1.2.0 | 147.00 | NOTE | |||
r-oldrel-windows-x86_64 | 1.2.0 | 55.00 | 158.00 | 213.00 | NOTE |
Version: 1.2.0
Check: dependencies in R code
Result: NOTE
Namespace in Imports field not imported from: ‘Rcpp’
All declared Imports should be used.
Flavors: r-devel-linux-x86_64-fedora-clang, r-devel-linux-x86_64-fedora-gcc
Version: 1.2.0
Check: for GNU extensions in Makefiles
Result: NOTE
GNU make is a SystemRequirements.
Flavors: r-patched-linux-x86_64, r-release-linux-x86_64, r-release-macos-arm64, r-release-macos-x86_64, r-release-windows-x86_64, r-oldrel-macos-arm64, r-oldrel-macos-x86_64, r-oldrel-windows-x86_64