Last updated on 2023-05-29 00:59:44 CEST.
Flavor | Version | Tinstall | Tcheck | Ttotal | Status | Flags |
---|---|---|---|---|---|---|
r-devel-linux-x86_64-debian-clang | 0.1.2 | 4.75 | 425.68 | 430.43 | NOTE | |
r-devel-linux-x86_64-debian-gcc | 0.1.2 | 4.10 | 286.06 | 290.16 | NOTE | |
r-devel-linux-x86_64-fedora-clang | 0.1.2 | 588.19 | NOTE | |||
r-devel-linux-x86_64-fedora-gcc | 0.1.2 | 596.16 | NOTE | |||
r-devel-windows-x86_64 | 0.1.2 | 8.00 | 279.00 | 287.00 | NOTE | |
r-patched-linux-x86_64 | 0.1.2 | 5.38 | 394.45 | 399.83 | NOTE | |
r-release-linux-x86_64 | 0.1.2 | 5.24 | 397.01 | 402.25 | NOTE | |
r-release-macos-arm64 | 0.1.2 | 207.00 | NOTE | |||
r-release-macos-x86_64 | 0.1.2 | 558.00 | NOTE | |||
r-release-windows-x86_64 | 0.1.2 | 8.00 | 344.00 | 352.00 | NOTE | |
r-oldrel-macos-arm64 | 0.1.2 | 169.00 | OK | |||
r-oldrel-macos-x86_64 | 0.1.2 | 813.00 | OK | |||
r-oldrel-windows-x86_64 | 0.1.2 | 9.00 | 360.00 | 369.00 | OK |
Version: 0.1.2
Check: Rd \usage sections
Result: NOTE
S3 methods shown with full name in documentation object ‘plot’:
‘plot.discretization’
S3 methods shown with full name in documentation object ‘predict’:
‘predict.discretization’ ‘predict.reject_infered’
S3 methods shown with full name in documentation object ‘summary’:
‘summary.discretization’
The \usage entries for S3 methods should use the \method markup and not
their full name.
See chapter ‘Writing R documentation files’ in the ‘Writing R
Extensions’ manual.
Flavors: r-devel-linux-x86_64-debian-clang, r-devel-linux-x86_64-debian-gcc, r-devel-linux-x86_64-fedora-clang, r-devel-linux-x86_64-fedora-gcc, r-devel-windows-x86_64, r-patched-linux-x86_64, r-release-linux-x86_64, r-release-macos-arm64, r-release-macos-x86_64, r-release-windows-x86_64