CRAN Package Check Results for Package sdcMicro

Last updated on 2023-09-27 23:37:45 CEST.

Flavor Version Tinstall Tcheck Ttotal Status Flags
r-devel-linux-x86_64-fedora-clang 5.7.6 360.15 OK
r-devel-linux-x86_64-fedora-gcc 5.7.6 347.48 OK
r-release-macos-arm64 5.7.6 85.00 NOTE
r-release-macos-x86_64 5.7.6 137.00 NOTE
r-oldrel-macos-arm64 5.7.6 72.00 NOTE
r-oldrel-macos-x86_64 5.7.5 146.00 NOTE

Additional issues

Intel Intel

Check Details

Version: 5.7.6
Check: installed package size
Result: NOTE
     installed size is 6.5Mb
     sub-directories of 1Mb or more:
     libs 3.7Mb
Flavors: r-release-macos-arm64, r-release-macos-x86_64, r-oldrel-macos-arm64

Version: 5.7.5
Check: installed package size
Result: NOTE
     installed size is 6.7Mb
     sub-directories of 1Mb or more:
     libs 3.9Mb
Flavor: r-oldrel-macos-x86_64