Last updated on 2023-05-29 00:59:44 CEST.
Flavor | Version | Tinstall | Tcheck | Ttotal | Status | Flags |
---|---|---|---|---|---|---|
r-devel-linux-x86_64-debian-clang | 0.0.2 | 3.31 | 54.24 | 57.55 | OK | |
r-devel-linux-x86_64-debian-gcc | 0.0.2 | 2.15 | 41.04 | 43.19 | OK | |
r-devel-linux-x86_64-fedora-clang | 0.0.2 | 74.87 | NOTE | |||
r-devel-linux-x86_64-fedora-gcc | 0.0.2 | 78.30 | NOTE | |||
r-devel-windows-x86_64 | 0.0.2 | 6.00 | 62.00 | 68.00 | OK | |
r-patched-linux-x86_64 | 0.0.2 | 6.50 | 51.27 | 57.77 | OK | |
r-release-linux-x86_64 | 0.0.2 | 2.57 | 51.44 | 54.01 | OK | |
r-release-macos-arm64 | 0.0.2 | 32.00 | OK | |||
r-release-macos-x86_64 | 0.0.2 | 50.00 | OK | |||
r-release-windows-x86_64 | 0.0.2 | 6.00 | 73.00 | 79.00 | OK | |
r-oldrel-macos-arm64 | 0.0.2 | 23.00 | NOTE | |||
r-oldrel-macos-x86_64 | 0.0.2 | 48.00 | NOTE | |||
r-oldrel-windows-x86_64 | 0.0.2 | 6.00 | 72.00 | 78.00 | OK |
Version: 0.0.2
Check: dependencies in R code
Result: NOTE
Namespace in Imports field not imported from: ‘sp’
All declared Imports should be used.
Flavors: r-devel-linux-x86_64-fedora-clang, r-devel-linux-x86_64-fedora-gcc, r-oldrel-macos-arm64, r-oldrel-macos-x86_64