CRAN Package Check Results for Package sdmpredictors

Last updated on 2021-10-25 00:49:26 CEST.

Flavor Version Tinstall Tcheck Ttotal Status Flags
r-devel-linux-x86_64-debian-clang 0.2.10 26.76 294.63 321.39 OK
r-devel-linux-x86_64-debian-gcc 0.2.10 21.41 226.91 248.32 OK
r-devel-linux-x86_64-fedora-clang 0.2.10 387.27 NOTE
r-devel-linux-x86_64-fedora-gcc 0.2.10 384.81 NOTE
r-devel-windows-x86_64 0.2.10 38.00 220.00 258.00 OK
r-devel-windows-x86_64-gcc10-UCRT 0.2.10 NOTE
r-patched-linux-x86_64 0.2.10 23.30 285.30 308.60 OK
r-patched-solaris-x86 0.2.10 270.30 NOTE
r-release-linux-x86_64 0.2.10 27.51 281.88 309.39 OK
r-release-macos-arm64 0.2.10 NOTE
r-release-macos-x86_64 0.2.10 NOTE
r-release-windows-ix86+x86_64 0.2.10 37.00 302.00 339.00 OK
r-oldrel-macos-x86_64 0.2.10 NOTE
r-oldrel-windows-ix86+x86_64 0.2.10 27.00 160.00 187.00 OK

Check Details

Version: 0.2.10
Check: dependencies in R code
Result: NOTE
    Namespace in Imports field not imported from: ‘RCurl’
     All declared Imports should be used.
Flavors: r-devel-linux-x86_64-fedora-clang, r-devel-linux-x86_64-fedora-gcc, r-devel-windows-x86_64-gcc10-UCRT, r-patched-solaris-x86, r-release-macos-arm64, r-release-macos-x86_64, r-oldrel-macos-x86_64