CRAN Package Check Results for Package secret

Last updated on 2023-05-30 00:59:57 CEST.

Flavor Version Tinstall Tcheck Ttotal Status Flags
r-devel-linux-x86_64-debian-clang 1.1.0 2.74 32.98 35.72 NOTE
r-devel-linux-x86_64-debian-gcc 1.1.0 2.00 25.46 27.46 NOTE
r-devel-linux-x86_64-fedora-clang 1.1.0 44.68 NOTE
r-devel-linux-x86_64-fedora-gcc 1.1.0 54.05 NOTE
r-devel-windows-x86_64 1.1.0 5.00 51.00 56.00 NOTE
r-patched-linux-x86_64 1.1.0 2.82 31.75 34.57 NOTE
r-release-linux-x86_64 1.1.0 1.95 30.81 32.76 NOTE
r-release-macos-arm64 1.1.0 26.00 NOTE
r-release-macos-x86_64 1.1.0 51.00 NOTE
r-release-windows-x86_64 1.1.0 5.00 55.00 60.00 NOTE
r-oldrel-macos-arm64 1.1.0 21.00 NOTE
r-oldrel-macos-x86_64 1.1.0 25.00 NOTE
r-oldrel-windows-x86_64 1.1.0 5.00 53.00 58.00 NOTE

Check Details

Version: 1.1.0
Check: LazyData
Result: NOTE
     'LazyData' is specified without a 'data' directory
Flavors: r-devel-linux-x86_64-debian-clang, r-devel-linux-x86_64-debian-gcc, r-devel-linux-x86_64-fedora-clang, r-devel-linux-x86_64-fedora-gcc, r-devel-windows-x86_64, r-patched-linux-x86_64, r-release-linux-x86_64, r-release-macos-arm64, r-release-macos-x86_64, r-release-windows-x86_64, r-oldrel-macos-arm64, r-oldrel-macos-x86_64, r-oldrel-windows-x86_64