CRAN Package Check Results for Package seeker

Last updated on 2024-05-29 00:54:38 CEST.

Flavor Version Tinstall Tcheck Ttotal Status Flags
r-devel-linux-x86_64-debian-clang 1.1.5 7.42 93.25 100.67 OK
r-devel-linux-x86_64-debian-gcc 1.1.5 6.05 69.14 75.19 OK
r-devel-linux-x86_64-fedora-clang 1.1.5 127.97 OK
r-devel-linux-x86_64-fedora-gcc 1.1.5 133.68 NOTE
r-devel-windows-x86_64 1.1.5 8.00 87.00 95.00 OK
r-patched-linux-x86_64 1.1.5 6.45 86.77 93.22 OK
r-release-linux-x86_64 1.1.5 4.76 90.13 94.89 OK
r-release-macos-arm64 1.1.5 52.00 NOTE
r-release-macos-x86_64 1.1.5 82.00 OK
r-release-windows-x86_64 1.1.5 8.00 87.00 95.00 OK
r-oldrel-macos-arm64 1.1.5 58.00 NOTE
r-oldrel-macos-x86_64 1.1.5 88.00 NOTE
r-oldrel-windows-x86_64 1.1.5 11.00 100.00 111.00 OK

Check Details

Version: 1.1.5
Check: package dependencies
Result: NOTE Package suggested but not available for checking: ‘ArrayExpress’ Flavors: r-devel-linux-x86_64-fedora-gcc, r-oldrel-macos-arm64

Version: 1.1.5
Check: Rd cross-references
Result: NOTE Package unavailable to check Rd xrefs: ‘ArrayExpress’ Flavors: r-devel-linux-x86_64-fedora-gcc, r-oldrel-macos-arm64, r-oldrel-macos-x86_64

Version: 1.1.5
Check: package dependencies
Result: NOTE Package suggested but not available for checking: ‘org.Mm.eg.db’ Flavor: r-release-macos-arm64

Version: 1.1.5
Check: package dependencies
Result: NOTE Packages suggested but not available for checking: 'ArrayExpress', 'org.Mm.eg.db' Flavor: r-oldrel-macos-x86_64