Last updated on 2023-06-10 00:54:57 CEST.
Flavor | Version | Tinstall | Tcheck | Ttotal | Status | Flags |
---|---|---|---|---|---|---|
r-devel-linux-x86_64-debian-clang | 1.1.3 | 8.97 | 90.19 | 99.16 | OK | |
r-devel-linux-x86_64-debian-gcc | 1.1.3 | 5.52 | 67.36 | 72.88 | OK | |
r-devel-linux-x86_64-fedora-clang | 1.1.3 | 123.47 | OK | |||
r-devel-linux-x86_64-fedora-gcc | 1.1.3 | 132.64 | OK | |||
r-devel-windows-x86_64 | 1.1.3 | 9.00 | 84.00 | 93.00 | OK | |
r-patched-linux-x86_64 | 1.1.3 | 8.36 | 82.42 | 90.78 | OK | |
r-release-linux-x86_64 | 1.1.3 | 5.19 | 83.11 | 88.30 | OK | |
r-release-macos-arm64 | 1.1.3 | 56.00 | NOTE | |||
r-release-macos-x86_64 | 1.1.0 | 78.00 | NOTE | |||
r-release-windows-x86_64 | 1.1.3 | 10.00 | 91.00 | 101.00 | OK | |
r-oldrel-macos-arm64 | 1.1.3 | 53.00 | NOTE | |||
r-oldrel-macos-x86_64 | 1.1.3 | 59.00 | NOTE | |||
r-oldrel-windows-x86_64 | 1.1.3 | 11.00 | 94.00 | 105.00 | OK |
Version: 1.1.3
Check: package dependencies
Result: NOTE
Package suggested but not available for checking: ‘ArrayExpress’
Flavors: r-release-macos-arm64, r-oldrel-macos-arm64, r-oldrel-macos-x86_64
Version: 1.1.3
Check: Rd cross-references
Result: NOTE
Package unavailable to check Rd xrefs: ‘ArrayExpress’
Flavors: r-release-macos-arm64, r-oldrel-macos-arm64, r-oldrel-macos-x86_64
Version: 1.1.0
Check: package dependencies
Result: NOTE
Packages suggested but not available for checking:
'ArrayExpress', 'org.Mm.eg.db'
Flavor: r-release-macos-x86_64
Version: 1.1.0
Check: Rd cross-references
Result: NOTE
Package unavailable to check Rd xrefs: ‘ArrayExpress’
Flavor: r-release-macos-x86_64