CRAN Package Check Results for Package segen

Last updated on 2024-06-14 00:53:58 CEST.

Flavor Version Tinstall Tcheck Ttotal Status Flags
r-devel-linux-x86_64-debian-clang 1.1.0 15.67 117.01 132.68 OK
r-devel-linux-x86_64-debian-gcc 1.1.0 0.22 1.77 1.99 ERROR
r-devel-linux-x86_64-fedora-clang 1.1.0 162.84 OK
r-devel-linux-x86_64-fedora-gcc 1.1.0 153.63 OK
r-devel-windows-x86_64 1.1.0 13.00 95.00 108.00 OK
r-patched-linux-x86_64 1.1.0 9.12 114.44 123.56 OK
r-release-linux-x86_64 1.1.0 8.96 111.53 120.49 OK
r-release-macos-arm64 1.1.0 47.00 OK
r-release-macos-x86_64 1.1.0 71.00 OK
r-release-windows-x86_64 1.1.0 13.00 97.00 110.00 OK
r-oldrel-macos-arm64 1.1.0 48.00 OK
r-oldrel-macos-x86_64 1.1.0 75.00 OK
r-oldrel-windows-x86_64 1.1.0 17.00 117.00 134.00 OK

Check Details

Version: 1.1.0
Check: package dependencies
Result: ERROR Packages required but not available: 'purrr', 'ggplot2', 'readr', 'lubridate', 'imputeTS', 'greybox', 'narray', 'fastDummies' See section ‘The DESCRIPTION file’ in the ‘Writing R Extensions’ manual. Flavor: r-devel-linux-x86_64-debian-gcc