Last updated on 2023-03-22 00:52:32 CET.
Flavor | Version | Tinstall | Tcheck | Ttotal | Status | Flags |
---|---|---|---|---|---|---|
r-devel-linux-x86_64-debian-clang | 1.1.6 | 30.23 | 202.65 | 232.88 | OK | |
r-devel-linux-x86_64-debian-gcc | 1.1.6 | 22.26 | 154.20 | 176.46 | OK | |
r-devel-linux-x86_64-fedora-clang | 1.1.6 | 311.68 | OK | |||
r-devel-linux-x86_64-fedora-gcc | 1.1.6 | 271.88 | OK | |||
r-patched-linux-x86_64 | 1.1.6 | 34.58 | 196.00 | 230.58 | OK | |
r-release-linux-x86_64 | 1.1.6 | 26.97 | 193.87 | 220.84 | OK | |
r-release-macos-arm64 | 1.1.6 | 76.00 | OK | |||
r-release-macos-x86_64 | 1.1.6 | 106.00 | OK | |||
r-release-windows-x86_64 | 1.1.6 | 47.00 | 233.00 | 280.00 | ERROR | |
r-oldrel-macos-arm64 | 1.1.6 | 78.00 | OK | |||
r-oldrel-macos-x86_64 | 1.1.6 | 102.00 | OK | |||
r-oldrel-windows-ix86+x86_64 | 1.1.6 | 58.00 | 221.00 | 279.00 | OK |
Version: 1.1.6
Check: PDF version of manual
Result: WARN
LaTeX errors when creating PDF version.
This typically indicates Rd problems.
Flavor: r-release-windows-x86_64
Version: 1.1.6
Check: PDF version of manual without index
Result: ERROR
Re-running with no redirection of stdout/stderr.
Flavor: r-release-windows-x86_64