CRAN Package Check Results for Package sendgridr

Last updated on 2021-10-21 00:49:59 CEST.

Flavor Version Tinstall Tcheck Ttotal Status Flags
r-devel-linux-x86_64-debian-clang 0.3.3 5.46 48.01 53.47 OK
r-devel-linux-x86_64-debian-gcc 0.3.3 4.60 36.35 40.95 OK
r-devel-linux-x86_64-fedora-clang 0.3.3 75.32 NOTE
r-devel-linux-x86_64-fedora-gcc 0.3.3 62.13 NOTE
r-devel-windows-x86_64 0.3.3 9.00 57.00 66.00 OK
r-devel-windows-x86_64-gcc10-UCRT 0.3.3 NOTE
r-patched-linux-x86_64 0.3.3 5.01 44.96 49.97 OK
r-patched-solaris-x86 0.3.3 93.40 NOTE
r-release-linux-x86_64 0.3.3 4.53 45.81 50.34 OK
r-release-macos-arm64 0.2.4 OK
r-release-macos-x86_64 0.3.3 NOTE
r-release-windows-ix86+x86_64 0.3.3 16.00 68.00 84.00 OK
r-oldrel-macos-x86_64 0.3.3 NOTE
r-oldrel-windows-ix86+x86_64 0.3.3 9.00 50.00 59.00 OK

Check Details

Version: 0.3.3
Check: dependencies in R code
Result: NOTE
    Namespace in Imports field not imported from: ‘tidyr’
     All declared Imports should be used.
Flavors: r-devel-linux-x86_64-fedora-clang, r-devel-linux-x86_64-fedora-gcc, r-devel-windows-x86_64-gcc10-UCRT, r-patched-solaris-x86, r-release-macos-x86_64, r-oldrel-macos-x86_64