CRAN Package Check Results for Package sensitivity2x2xk

Last updated on 2021-10-28 00:48:59 CEST.

Flavor Version Tinstall Tcheck Ttotal Status Flags
r-devel-linux-x86_64-debian-clang 1.01 2.48 25.59 28.07 NOTE
r-devel-linux-x86_64-debian-gcc 1.01 1.93 20.64 22.57 NOTE
r-devel-linux-x86_64-fedora-clang 1.01 45.47 NOTE
r-devel-linux-x86_64-fedora-gcc 1.01 34.80 NOTE
r-devel-windows-x86_64 1.01 4.00 31.00 35.00 NOTE
r-devel-windows-x86_64-gcc10-UCRT 1.01 NOTE
r-patched-linux-x86_64 1.01 2.32 25.06 27.38 NOTE
r-patched-solaris-x86 1.01 54.20 NOTE
r-release-linux-x86_64 1.01 2.38 24.92 27.30 NOTE
r-release-macos-arm64 1.01 NOTE
r-release-macos-x86_64 1.01 NOTE
r-release-windows-ix86+x86_64 1.01 5.00 42.00 47.00 NOTE
r-oldrel-macos-x86_64 1.01 OK
r-oldrel-windows-ix86+x86_64 1.01 4.00 45.00 49.00 OK

Check Details

Version: 1.01
Check: LazyData
Result: NOTE
     'LazyData' is specified without a 'data' directory
Flavors: r-devel-linux-x86_64-debian-clang, r-devel-linux-x86_64-debian-gcc, r-devel-linux-x86_64-fedora-clang, r-devel-linux-x86_64-fedora-gcc, r-devel-windows-x86_64, r-devel-windows-x86_64-gcc10-UCRT, r-patched-linux-x86_64, r-patched-solaris-x86, r-release-linux-x86_64, r-release-macos-arm64, r-release-macos-x86_64, r-release-windows-ix86+x86_64