CRAN Package Check Results for Package sentiment.ai

Last updated on 2023-05-30 00:59:57 CEST.

Flavor Version Tinstall Tcheck Ttotal Status Flags
r-devel-linux-x86_64-debian-clang 0.1.1 10.73 95.25 105.98 OK
r-devel-linux-x86_64-debian-gcc 0.1.1 9.41 70.98 80.39 OK
r-devel-linux-x86_64-fedora-clang 0.1.1 130.20 NOTE
r-devel-linux-x86_64-fedora-gcc 0.1.1 135.19 NOTE
r-devel-windows-x86_64 0.1.1 12.00 90.00 102.00 OK
r-patched-linux-x86_64 0.1.1 10.84 90.84 101.68 OK
r-release-linux-x86_64 0.1.1 10.63 89.30 99.93 OK
r-release-macos-arm64 0.1.1 47.00 OK
r-release-macos-x86_64 0.1.1 79.00 OK
r-release-windows-x86_64 0.1.1 14.00 110.00 124.00 OK
r-oldrel-macos-arm64 0.1.1 42.00 NOTE
r-oldrel-macos-x86_64 0.1.1 73.00 NOTE
r-oldrel-windows-x86_64 0.1.1 14.00 112.00 126.00 OK

Check Details

Version: 0.1.1
Check: data for non-ASCII characters
Result: NOTE
     Note: found 836 marked UTF-8 strings
Flavors: r-devel-linux-x86_64-fedora-clang, r-devel-linux-x86_64-fedora-gcc, r-oldrel-macos-arm64, r-oldrel-macos-x86_64