Last updated on 2023-03-30 00:52:06 CEST.
Flavor | Version | Tinstall | Tcheck | Ttotal | Status | Flags |
---|---|---|---|---|---|---|
r-devel-linux-x86_64-debian-clang | 0.7.1 | 84.74 | 487.13 | 571.87 | NOTE | |
r-devel-linux-x86_64-debian-gcc | 0.7.1 | 64.84 | 357.47 | 422.31 | NOTE | |
r-devel-linux-x86_64-fedora-clang | 0.7.1 | 633.42 | NOTE | |||
r-devel-linux-x86_64-fedora-gcc | 0.7.1 | 562.71 | NOTE | |||
r-patched-linux-x86_64 | 0.7.1 | 74.50 | 415.85 | 490.35 | NOTE | |
r-release-linux-x86_64 | 0.7.1 | 78.84 | 406.09 | 484.93 | OK | |
r-release-macos-arm64 | 0.7.1 | 189.00 | NOTE | |||
r-release-macos-x86_64 | 0.7.1 | 208.00 | NOTE | |||
r-release-windows-x86_64 | 0.7.1 | 116.00 | 430.00 | 546.00 | OK | |
r-oldrel-macos-arm64 | 0.7.1 | 172.00 | NOTE | |||
r-oldrel-macos-x86_64 | 0.7.1 | 203.00 | NOTE | |||
r-oldrel-windows-ix86+x86_64 | 0.7.1 | 191.00 | 666.00 | 857.00 | OK |
Version: 0.7.1
Check: C++ specification
Result: NOTE
Specified C++11: please drop specification unless essential
Flavors: r-devel-linux-x86_64-debian-clang, r-devel-linux-x86_64-debian-gcc, r-devel-linux-x86_64-fedora-clang, r-devel-linux-x86_64-fedora-gcc, r-patched-linux-x86_64
Version: 0.7.1
Check: Rd cross-references
Result: NOTE
Undeclared package ‘lexicon’ in Rd xrefs
Flavor: r-devel-linux-x86_64-fedora-clang
Version: 0.7.1
Check: data for non-ASCII characters
Result: NOTE
Note: found 3128 marked UTF-8 strings
Flavors: r-devel-linux-x86_64-fedora-clang, r-devel-linux-x86_64-fedora-gcc, r-release-macos-arm64, r-release-macos-x86_64, r-oldrel-macos-arm64, r-oldrel-macos-x86_64
Version: 0.7.1
Check: installed package size
Result: NOTE
installed size is 6.4Mb
sub-directories of 1Mb or more:
data 1.2Mb
libs 4.3Mb
Flavors: r-release-macos-arm64, r-release-macos-x86_64, r-oldrel-macos-arm64, r-oldrel-macos-x86_64