Last updated on 2023-06-02 01:00:38 CEST.
Flavor | Version | Tinstall | Tcheck | Ttotal | Status | Flags |
---|---|---|---|---|---|---|
r-devel-linux-x86_64-debian-clang | 0.1.1 | 10.31 | 83.41 | 93.72 | OK | |
r-devel-linux-x86_64-debian-gcc | 0.1.1 | 7.23 | 64.06 | 71.29 | OK | |
r-devel-linux-x86_64-fedora-clang | 0.1.1 | 115.40 | OK | |||
r-devel-linux-x86_64-fedora-gcc | 0.1.1 | 122.76 | OK | |||
r-devel-windows-x86_64 | 0.1.1 | 9.00 | 79.00 | 88.00 | OK | |
r-patched-linux-x86_64 | 0.1.1 | OK | ||||
r-release-linux-x86_64 | 0.1.1 | 7.25 | 80.20 | 87.45 | OK | |
r-release-macos-arm64 | 0.1.1 | 42.00 | OK | |||
r-release-macos-x86_64 | 0.1.1 | 70.00 | NOTE | |||
r-release-windows-x86_64 | 0.1.1 | 11.00 | 97.00 | 108.00 | OK | |
r-oldrel-macos-arm64 | 0.1.1 | 41.00 | OK | |||
r-oldrel-macos-x86_64 | 0.1.1 | 53.00 | OK | |||
r-oldrel-windows-x86_64 | 0.1.1 | 12.00 | 101.00 | 113.00 | OK |
Version: 0.1.1
Check: package dependencies
Result: NOTE
Packages suggested but not available for checking:
'FactoMineR', 'descriptio'
Flavor: r-release-macos-x86_64