CRAN Package Check Results for Package seqinr

Last updated on 2021-12-07 00:49:31 CET.

Flavor Version Tinstall Tcheck Ttotal Status Flags
r-devel-linux-x86_64-debian-clang 4.2-8 14.41 126.52 140.93 OK
r-devel-linux-x86_64-debian-gcc 4.2-8 11.98 98.74 110.72 OK
r-devel-linux-x86_64-fedora-clang 4.2-8 174.36 NOTE
r-devel-linux-x86_64-fedora-gcc 4.2-8 164.40 OK
r-devel-windows-x86_64-new-UL 4.2-8 48.00 199.00 247.00 NOTE
r-devel-windows-x86_64-new-TK 4.2-8 OK
r-devel-windows-x86_64-old 4.2-8 24.00 126.00 150.00 NOTE
r-patched-linux-x86_64 4.2-8 15.31 114.64 129.95 OK
r-release-linux-x86_64 4.2-8 12.84 123.08 135.92 OK
r-release-macos-arm64 4.2-8 NOTE
r-release-macos-x86_64 4.2-8 NOTE
r-release-windows-ix86+x86_64 4.2-8 31.00 221.00 252.00 NOTE
r-oldrel-macos-x86_64 4.2-8 NOTE
r-oldrel-windows-ix86+x86_64 4.2-8 31.00 221.00 252.00 NOTE

Check Details

Version: 4.2-8
Check: installed package size
Result: NOTE
     installed size is 5.5Mb
     sub-directories of 1Mb or more:
     data 1.4Mb
     sequences 1.9Mb
Flavors: r-devel-linux-x86_64-fedora-clang, r-devel-windows-x86_64-new-UL, r-devel-windows-x86_64-old, r-release-macos-arm64, r-release-macos-x86_64, r-release-windows-ix86+x86_64, r-oldrel-macos-x86_64, r-oldrel-windows-ix86+x86_64