CRAN Package Check Results for Package seqminer

Last updated on 2021-11-28 00:49:00 CET.

Flavor Version Tinstall Tcheck Ttotal Status Flags
r-devel-linux-x86_64-debian-clang 8.2 NOTE
r-devel-linux-x86_64-debian-gcc 8.2 141.36 26.05 167.41 NOTE
r-devel-linux-x86_64-fedora-clang 8.2 397.85 NOTE
r-devel-linux-x86_64-fedora-gcc 8.2 299.14 NOTE
r-devel-windows-x86_64-new-UL 8.2 319.00 115.00 434.00 NOTE
r-devel-windows-x86_64-new-TK 8.2 NOTE
r-devel-windows-x86_64-old 8.2 217.00 80.00 297.00 NOTE
r-patched-linux-x86_64 8.2 162.90 32.12 195.02 NOTE
r-patched-solaris-x86 8.2 249.90 NOTE
r-release-linux-x86_64 8.2 NOTE
r-release-macos-arm64 8.2 NOTE
r-release-macos-x86_64 8.2 NOTE
r-release-windows-ix86+x86_64 8.2 559.00 68.00 627.00 NOTE
r-oldrel-macos-x86_64 8.2 NOTE
r-oldrel-windows-ix86+x86_64 8.2 544.00 95.00 639.00 NOTE

Additional issues

rchk

Check Details

Version: 8.2
Check: for GNU extensions in Makefiles
Result: NOTE
    GNU make is a SystemRequirements.
Flavors: r-devel-linux-x86_64-debian-clang, r-devel-linux-x86_64-debian-gcc, r-devel-linux-x86_64-fedora-clang, r-devel-linux-x86_64-fedora-gcc, r-devel-windows-x86_64-new-UL, r-devel-windows-x86_64-new-TK, r-devel-windows-x86_64-old, r-patched-linux-x86_64, r-patched-solaris-x86, r-release-linux-x86_64, r-release-macos-arm64, r-release-macos-x86_64, r-release-windows-ix86+x86_64, r-oldrel-macos-x86_64, r-oldrel-windows-ix86+x86_64

Version: 8.2
Check: installed package size
Result: NOTE
     installed size is 18.6Mb
     sub-directories of 1Mb or more:
     libs 17.1Mb
Flavors: r-devel-linux-x86_64-fedora-clang, r-release-macos-arm64, r-release-macos-x86_64, r-release-windows-ix86+x86_64, r-oldrel-macos-x86_64, r-oldrel-windows-ix86+x86_64