Last updated on 2023-09-21 00:56:44 CEST.
Flavor | Version | Tinstall | Tcheck | Ttotal | Status | Flags |
---|---|---|---|---|---|---|
r-devel-linux-x86_64-debian-clang | 0.2.1 | 39.56 | 126.21 | 165.77 | NOTE | |
r-devel-linux-x86_64-debian-gcc | 0.2.1 | 26.17 | 93.03 | 119.20 | NOTE | |
r-devel-linux-x86_64-fedora-clang | 0.2.1 | 224.77 | NOTE | |||
r-devel-linux-x86_64-fedora-gcc | 0.2.1 | 235.09 | NOTE | |||
r-devel-windows-x86_64 | 0.2.1 | 33.00 | 131.00 | 164.00 | NOTE | |
r-patched-linux-x86_64 | 0.2.1 | 26.95 | 117.86 | 144.81 | NOTE | |
r-release-linux-x86_64 | 0.2.1 | 27.71 | 119.99 | 147.70 | NOTE | |
r-release-macos-arm64 | 0.2.1 | 63.00 | NOTE | |||
r-release-macos-x86_64 | 0.2.1 | 101.00 | NOTE | |||
r-release-windows-x86_64 | 0.2.1 | 43.00 | 159.00 | 202.00 | NOTE | |
r-oldrel-macos-arm64 | 0.2.1 | 54.00 | OK | |||
r-oldrel-macos-x86_64 | 0.2.1 | 92.00 | OK | |||
r-oldrel-windows-x86_64 | 0.2.1 | 42.00 | 148.00 | 190.00 | OK |
Version: 0.2.1
Check: C++ specification
Result: NOTE
Specified C++11: please drop specification unless essential
Flavors: r-devel-linux-x86_64-debian-clang, r-devel-linux-x86_64-debian-gcc, r-devel-linux-x86_64-fedora-clang, r-devel-linux-x86_64-fedora-gcc, r-devel-windows-x86_64, r-patched-linux-x86_64, r-release-linux-x86_64, r-release-macos-arm64, r-release-macos-x86_64, r-release-windows-x86_64
Version: 0.2.1
Check: package dependencies
Result: NOTE
Package suggested but not available for checking: ‘ggraph’
Flavor: r-release-macos-x86_64