Last updated on 2023-09-27 23:37:45 CEST.
Flavor | Version | Tinstall | Tcheck | Ttotal | Status | Flags |
---|---|---|---|---|---|---|
r-devel-linux-x86_64-debian-clang | 0.2.3 | 9.77 | 214.96 | 224.73 | NOTE | |
r-devel-linux-x86_64-debian-gcc | 0.2.3 | 7.42 | 159.72 | 167.14 | NOTE | |
r-devel-linux-x86_64-fedora-clang | 0.2.3 | 281.77 | NOTE | |||
r-devel-linux-x86_64-fedora-gcc | 0.2.3 | 289.41 | NOTE | |||
r-devel-windows-x86_64 | 0.2.3 | 11.00 | 192.00 | 203.00 | NOTE | |
r-patched-linux-x86_64 | 0.2.3 | 13.75 | 204.58 | 218.33 | OK | |
r-release-linux-x86_64 | 0.2.3 | 9.26 | 203.67 | 212.93 | OK | |
r-release-macos-arm64 | 0.2.3 | 97.00 | OK | |||
r-release-macos-x86_64 | 0.2.3 | 153.00 | OK | |||
r-release-windows-x86_64 | 0.2.3 | 16.00 | 243.00 | 259.00 | OK | |
r-oldrel-macos-arm64 | 0.2.3 | 80.00 | OK | |||
r-oldrel-macos-x86_64 | 0.2.3 | 103.00 | OK | |||
r-oldrel-windows-x86_64 | 0.2.3 | 18.00 | 230.00 | 248.00 | OK |
Version: 0.2.3
Check: Rd \usage sections
Result: NOTE
Documented arguments not in \usage in documentation object 'jc_clc_perm_impl':
‘a’
Documented arguments not in \usage in documentation object 'local_g_spt':
‘n_sim’
Documented arguments not in \usage in documentation object 'permute_listw':
‘a’
Functions with \usage entries need to have the appropriate \alias
entries, and all their arguments documented.
The \usage entries must correspond to syntactically valid R code.
See chapter ‘Writing R documentation files’ in the ‘Writing R
Extensions’ manual.
Flavors: r-devel-linux-x86_64-debian-clang, r-devel-linux-x86_64-debian-gcc, r-devel-linux-x86_64-fedora-clang, r-devel-linux-x86_64-fedora-gcc, r-devel-windows-x86_64