Last updated on 2023-06-10 00:54:57 CEST.
Flavor | Version | Tinstall | Tcheck | Ttotal | Status | Flags |
---|---|---|---|---|---|---|
r-devel-linux-x86_64-debian-clang | 2.1 | 21.75 | 203.93 | 225.68 | NOTE | |
r-devel-linux-x86_64-debian-gcc | 2.1 | 17.83 | 145.71 | 163.54 | NOTE | |
r-devel-linux-x86_64-fedora-clang | 2.1 | 286.11 | NOTE | |||
r-devel-linux-x86_64-fedora-gcc | 2.1 | 251.98 | NOTE | |||
r-devel-windows-x86_64 | 2.1 | 19.00 | 157.00 | 176.00 | NOTE | |
r-patched-linux-x86_64 | 2.1 | 28.83 | 180.44 | 209.27 | NOTE | |
r-release-linux-x86_64 | 2.1 | 19.05 | 182.08 | 201.13 | NOTE | |
r-release-macos-arm64 | 2.1 | 78.00 | NOTE | |||
r-release-macos-x86_64 | 2.1 | 117.00 | NOTE | |||
r-release-windows-x86_64 | 2.1 | 25.00 | 193.00 | 218.00 | NOTE | |
r-oldrel-macos-arm64 | 2.1 | 54.00 | NOTE | |||
r-oldrel-macos-x86_64 | 2.1 | 101.00 | NOTE | |||
r-oldrel-windows-x86_64 | 2.1 | 26.00 | 191.00 | 217.00 | NOTE |
Version: 2.1
Check: package dependencies
Result: NOTE
Package suggested but not available for checking: ‘hydromad’
Flavors: r-devel-linux-x86_64-debian-clang, r-devel-linux-x86_64-debian-gcc, r-devel-linux-x86_64-fedora-clang, r-devel-linux-x86_64-fedora-gcc, r-devel-windows-x86_64, r-patched-linux-x86_64, r-release-linux-x86_64, r-release-macos-arm64, r-release-windows-x86_64, r-oldrel-macos-arm64, r-oldrel-macos-x86_64, r-oldrel-windows-x86_64
Version: 2.1
Check: package dependencies
Result: NOTE
Packages suggested but not available for checking:
'spdep', 'terra', 'raster', 'exactextractr', 'hydromad', 'daymetr',
'elevatr', 'sf'
Flavor: r-release-macos-x86_64
Version: 2.1
Check: Rd cross-references
Result: NOTE
Package unavailable to check Rd xrefs: ‘spdep’
Flavor: r-release-macos-x86_64