CRAN Package Check Results for Package shinipsum

Last updated on 2021-10-27 00:51:19 CEST.

Flavor Version Tinstall Tcheck Ttotal Status Flags
r-devel-linux-x86_64-debian-clang 0.1.0 6.55 72.51 79.06 OK
r-devel-linux-x86_64-debian-gcc 0.1.0 5.12 53.76 58.88 OK
r-devel-linux-x86_64-fedora-clang 0.1.0 102.02 NOTE
r-devel-linux-x86_64-fedora-gcc 0.1.0 90.66 NOTE
r-devel-windows-x86_64 0.1.0 12.00 72.00 84.00 OK
r-devel-windows-x86_64-gcc10-UCRT 0.1.0 NOTE
r-patched-linux-x86_64 0.1.0 6.60 68.51 75.11 OK
r-patched-solaris-x86 0.1.0 133.20 NOTE
r-release-linux-x86_64 0.1.0 6.36 68.48 74.84 OK
r-release-macos-arm64 0.1.0 NOTE
r-release-macos-x86_64 0.1.0 NOTE
r-release-windows-ix86+x86_64 0.1.0 13.00 108.00 121.00 OK
r-oldrel-macos-x86_64 0.1.0 NOTE
r-oldrel-windows-ix86+x86_64 0.1.0 17.00 102.00 119.00 OK

Check Details

Version: 0.1.0
Check: dependencies in R code
Result: NOTE
    Namespace in Imports field not imported from: ‘utils’
     All declared Imports should be used.
Flavors: r-devel-linux-x86_64-fedora-clang, r-devel-linux-x86_64-fedora-gcc, r-devel-windows-x86_64-gcc10-UCRT, r-patched-solaris-x86, r-release-macos-arm64, r-release-macos-x86_64, r-oldrel-macos-x86_64