Last updated on 2023-09-27 23:37:46 CEST.
Flavor | Version | Tinstall | Tcheck | Ttotal | Status | Flags |
---|---|---|---|---|---|---|
r-devel-linux-x86_64-debian-clang | 0.4.3 | 8.38 | 72.21 | 80.59 | OK | |
r-devel-linux-x86_64-debian-gcc | 0.4.3 | 6.33 | 56.42 | 62.75 | OK | |
r-devel-linux-x86_64-fedora-clang | 0.4.3 | 98.93 | NOTE | |||
r-devel-linux-x86_64-fedora-gcc | 0.4.3 | 107.74 | OK | |||
r-devel-windows-x86_64 | 0.4.3 | 10.00 | 94.00 | 104.00 | NOTE | |
r-patched-linux-x86_64 | 0.4.3 | 9.11 | 69.81 | 78.92 | OK | |
r-release-linux-x86_64 | 0.4.3 | 9.19 | 70.06 | 79.25 | OK | |
r-release-macos-arm64 | 0.4.3 | 40.00 | NOTE | |||
r-release-macos-x86_64 | 0.4.3 | 66.00 | NOTE | |||
r-release-windows-x86_64 | 0.4.3 | 14.00 | 109.00 | 123.00 | NOTE | |
r-oldrel-macos-arm64 | 0.4.3 | 29.00 | NOTE | |||
r-oldrel-macos-x86_64 | 0.4.3 | 54.00 | NOTE | |||
r-oldrel-windows-x86_64 | 0.4.3 | 14.00 | 98.00 | 112.00 | NOTE |
Version: 0.4.3
Check: installed package size
Result: NOTE
installed size is 11.3Mb
sub-directories of 1Mb or more:
help 2.6Mb
www 8.1Mb
Flavors: r-devel-linux-x86_64-fedora-clang, r-devel-windows-x86_64, r-release-macos-arm64, r-release-macos-x86_64, r-release-windows-x86_64, r-oldrel-macos-arm64, r-oldrel-macos-x86_64, r-oldrel-windows-x86_64