CRAN Package Check Results for Package shinyBS

Last updated on 2021-12-07 00:49:32 CET.

Flavor Version Tinstall Tcheck Ttotal Status Flags
r-devel-linux-x86_64-debian-clang 0.61 3.72 41.37 45.09 NOTE
r-devel-linux-x86_64-debian-gcc 0.61 2.32 32.66 34.98 NOTE
r-devel-linux-x86_64-fedora-clang 0.61 55.98 NOTE
r-devel-linux-x86_64-fedora-gcc 0.61 44.41 NOTE
r-devel-windows-x86_64-new-UL 0.61 10.00 74.00 84.00 NOTE
r-devel-windows-x86_64-new-TK 0.61 NOTE
r-devel-windows-x86_64-old 0.61 6.00 41.00 47.00 NOTE
r-patched-linux-x86_64 0.61 7.97 31.59 39.56 NOTE
r-release-linux-x86_64 0.61 3.54 39.93 43.47 NOTE
r-release-macos-arm64 0.61 NOTE
r-release-macos-x86_64 0.61 NOTE
r-release-windows-ix86+x86_64 0.61 9.00 52.00 61.00 NOTE
r-oldrel-macos-x86_64 0.61 NOTE
r-oldrel-windows-ix86+x86_64 0.61 9.00 63.00 72.00 NOTE

Check Details

Version: 0.61
Check: R code for possible problems
Result: NOTE
    popify: no visible global function definition for 'runif'
    tipify: no visible global function definition for 'runif'
    Undefined global functions or variables:
     runif
    Consider adding
     importFrom("stats", "runif")
    to your NAMESPACE file.
Flavors: r-devel-linux-x86_64-debian-clang, r-devel-linux-x86_64-debian-gcc, r-devel-linux-x86_64-fedora-clang, r-devel-linux-x86_64-fedora-gcc, r-devel-windows-x86_64-new-UL, r-devel-windows-x86_64-new-TK, r-devel-windows-x86_64-old, r-patched-linux-x86_64, r-release-linux-x86_64, r-release-macos-arm64, r-release-macos-x86_64, r-release-windows-ix86+x86_64, r-oldrel-macos-x86_64, r-oldrel-windows-ix86+x86_64