Last updated on 2025-01-12 00:49:49 CET.
Flavor | Version | Tinstall | Tcheck | Ttotal | Status | Flags |
---|---|---|---|---|---|---|
r-devel-linux-x86_64-debian-clang | 1.2.0 | 4.59 | 35.65 | 40.24 | OK | |
r-devel-linux-x86_64-debian-gcc | 1.2.0 | 3.96 | 26.98 | 30.94 | OK | |
r-devel-linux-x86_64-fedora-clang | 1.2.0 | 65.95 | OK | |||
r-devel-linux-x86_64-fedora-gcc | 1.2.0 | 61.20 | OK | |||
r-devel-windows-x86_64 | 1.2.0 | 9.00 | 63.00 | 72.00 | OK | |
r-patched-linux-x86_64 | 1.2.0 | 5.00 | 33.81 | 38.81 | OK | |
r-release-macos-arm64 | 1.2.0 | 24.00 | NOTE | |||
r-release-macos-x86_64 | 1.2.0 | 34.00 | NOTE | |||
r-release-windows-x86_64 | 1.2.0 | 7.00 | 55.00 | 62.00 | NOTE | |
r-oldrel-macos-arm64 | 1.2.0 | 26.00 | NOTE | |||
r-oldrel-macos-x86_64 | 1.2.0 | 40.00 | NOTE | |||
r-oldrel-windows-x86_64 | 1.2.0 | 8.00 | 60.00 | 68.00 | NOTE |
Version: 1.2.0
Check: installed package size
Result: NOTE
installed size is 7.7Mb
sub-directories of 1Mb or more:
www 7.6Mb
Flavors: r-release-macos-arm64, r-release-macos-x86_64, r-release-windows-x86_64, r-oldrel-macos-arm64, r-oldrel-macos-x86_64, r-oldrel-windows-x86_64