Last updated on 2023-12-10 00:56:00 CET.
Flavor | Version | Tinstall | Tcheck | Ttotal | Status | Flags |
---|---|---|---|---|---|---|
r-devel-linux-x86_64-debian-clang | 1.0.5 | 2.26 | 21.09 | 23.35 | NOTE | |
r-devel-linux-x86_64-debian-gcc | 1.0.5 | 1.80 | 16.65 | 18.45 | NOTE | |
r-devel-linux-x86_64-fedora-clang | 1.0.5 | 31.09 | NOTE | |||
r-devel-linux-x86_64-fedora-gcc | 1.0.5 | 28.41 | NOTE | |||
r-devel-windows-x86_64 | 1.0.5 | 3.00 | 39.00 | 42.00 | NOTE | |
r-patched-linux-x86_64 | 1.0.5 | 1.65 | 21.15 | 22.80 | NOTE | |
r-release-linux-x86_64 | 1.0.5 | 1.31 | 20.75 | 22.06 | NOTE | |
r-release-macos-arm64 | 1.0.5 | 16.00 | NOTE | |||
r-release-macos-x86_64 | 1.0.5 | 20.00 | NOTE | |||
r-release-windows-x86_64 | 1.0.5 | 4.00 | 39.00 | 43.00 | NOTE | |
r-oldrel-macos-arm64 | 1.0.5 | 16.00 | NOTE | |||
r-oldrel-macos-x86_64 | 1.0.5 | 23.00 | NOTE | |||
r-oldrel-windows-x86_64 | 1.0.5 | 4.00 | 42.00 | 46.00 | NOTE |
Version: 1.0.5
Check: LazyData
Result: NOTE
'LazyData' is specified without a 'data' directory
Flavors: r-devel-linux-x86_64-debian-clang, r-devel-linux-x86_64-debian-gcc, r-devel-linux-x86_64-fedora-clang, r-devel-linux-x86_64-fedora-gcc, r-devel-windows-x86_64, r-patched-linux-x86_64, r-release-linux-x86_64, r-release-macos-arm64, r-release-macos-x86_64, r-release-windows-x86_64, r-oldrel-macos-arm64, r-oldrel-macos-x86_64, r-oldrel-windows-x86_64
Version: 1.0.5
Check: dependencies in R code
Result: NOTE
Namespaces in Imports field not imported from:
‘KGode’ ‘XML’ ‘ggplot2’ ‘gridExtra’ ‘mvtnorm’ ‘reshape2’ ‘shinyjs’
All declared Imports should be used.
Flavors: r-devel-linux-x86_64-fedora-clang, r-devel-linux-x86_64-fedora-gcc, r-oldrel-macos-arm64, r-oldrel-macos-x86_64