CRAN Package Check Results for Package shinyML

Last updated on 2021-10-16 00:49:30 CEST.

Flavor Version Tinstall Tcheck Ttotal Status Flags
r-devel-linux-x86_64-debian-clang 1.0.1 14.79 99.65 114.44 NOTE
r-devel-linux-x86_64-debian-gcc 1.0.1 12.00 75.82 87.82 NOTE
r-devel-linux-x86_64-fedora-clang 1.0.1 150.70 NOTE
r-devel-linux-x86_64-fedora-gcc 1.0.1 134.00 NOTE
r-devel-windows-x86_64 1.0.1 28.00 94.00 122.00 NOTE
r-devel-windows-x86_64-gcc10-UCRT 1.0.1 NOTE
r-patched-linux-x86_64 1.0.1 15.80 96.58 112.38 NOTE
r-patched-solaris-x86 1.0.1 200.30 NOTE
r-release-linux-x86_64 1.0.1 13.83 95.22 109.05 NOTE
r-release-macos-arm64 1.0.1 NOTE
r-release-macos-x86_64 1.0.1 NOTE
r-release-windows-ix86+x86_64 1.0.1 32.00 122.00 154.00 NOTE
r-oldrel-macos-x86_64 1.0.1 OK
r-oldrel-windows-ix86+x86_64 1.0.1 33.00 127.00 160.00 OK

Check Details

Version: 1.0.1
Check: LazyData
Result: NOTE
     'LazyData' is specified without a 'data' directory
Flavors: r-devel-linux-x86_64-debian-clang, r-devel-linux-x86_64-debian-gcc, r-devel-linux-x86_64-fedora-clang, r-devel-linux-x86_64-fedora-gcc, r-devel-windows-x86_64, r-devel-windows-x86_64-gcc10-UCRT, r-patched-linux-x86_64, r-patched-solaris-x86, r-release-linux-x86_64, r-release-macos-arm64, r-release-macos-x86_64, r-release-windows-ix86+x86_64